{"id":123,"date":"2026-04-11T16:57:23","date_gmt":"2026-04-11T16:57:23","guid":{"rendered":"https:\/\/phuonguyen.azdigi.shop\/?post_type=product&#038;p=123"},"modified":"2026-04-11T16:57:23","modified_gmt":"2026-04-11T16:57:23","slug":"ao-so-mi-linen-dang-suong-vua","status":"publish","type":"product","link":"https:\/\/phuonguyen.azdigi.shop\/?product=ao-so-mi-linen-dang-suong-vua","title":{"rendered":"\u00c1o s\u01a1 mi linen d\u00e1ng su\u00f4ng v\u1eeba"},"content":{"rendered":"<p>Tr\u00ean con \u0111\u01b0\u1eddng quen thu\u1ed9c d\u1eabn \u0111\u1ebfn v\u0103n ph\u00f2ng, n\u00e0ng v\u1eeba b\u01b0\u1edbc \u0111i v\u1eeba l\u1eadt nh\u1eb9 nh\u1eefng trang t\u00e0i li\u1ec7u c\u00f2n dang d\u1edf. Nh\u1eefng d\u00f2ng ghi ch\u00fa xen k\u1ebd s\u1eafc m\u00e0u n\u1ed5i b\u1eadt tr\u00ean n\u1ec1n gi\u1ea5y tr\u1eafng, gi\u1ed1ng nh\u01b0 m\u1ed9t ng\u00e0y m\u1edbi \u0111ang d\u1ea7n hi\u1ec7n r\u00f5 tr\u01b0\u1edbc m\u1eaft. Th\u00e0nh ph\u1ed1 \u0111\u00e3 b\u1eaft \u0111\u1ea7u nh\u1ed9n nh\u1ecbp, nh\u01b0ng gi\u1eefa d\u00f2ng ng\u01b0\u1eddi v\u1ed9i v\u00e3, nh\u1ecbp b\u01b0\u1edbc c\u1ee7a n\u00e0ng v\u1eabn \u0111\u1ee7 ch\u1eadm \u0111\u1ec3 c\u1ea3m nh\u1eadn tr\u1ecdn v\u1eb9n t\u1eebng kho\u1ea3nh kh\u1eafc \u0111\u1ea7u ng\u00e0y.<\/p>\n<p>Cho ng\u00e0y l\u00e0m vi\u1ec7c b\u1eadn r\u1ed9n \u1ea5y, n\u00e0ng ch\u1ecdn m\u1ed9t thi\u1ebft k\u1ebf g\u1ecdn g\u00e0ng nh\u01b0ng v\u1eabn \u0111\u1ee7 tinh t\u1ebf \u0111\u1ec3 t\u1ea1o \u1ea5n t\u01b0\u1ee3ng nh\u1eb9 nh\u00e0ng. \u00c1o s\u01a1 mi tr\u1eafng v\u1edbi phom d\u00e1ng tinh gi\u1ea3n, k\u1ebft h\u1ee3p chi ti\u1ebft kh\u0103n c\u1ed5 m\u1ec1m m\u1ea1i t\u1ea1o \u0111i\u1ec3m nh\u1ea5n n\u1eef t\u00ednh m\u00e0 kh\u00f4ng l\u00e0m m\u1ea5t \u0111i s\u1ef1 ch\u1ec9n chu. T\u1ed5ng th\u1ec3 mang l\u1ea1i c\u1ea3m gi\u00e1c thanh l\u1ecbch, linh ho\u1ea1t \u2013 ph\u00f9 h\u1ee3p v\u1edbi nh\u1ecbp s\u1ed1ng c\u00f4ng s\u1edf hi\u1ec7n \u0111\u1ea1i.<\/p>\n<p><strong>Thi\u1ebft k\u1ebf<\/strong><br \/>\n\u00c1o s\u01a1 mi d\u00e1ng su\u00f4ng nh\u1eb9, phom \u0111\u1ee9ng v\u1eeba ph\u1ea3i gi\u00fap t\u1ed5ng th\u1ec3 g\u1ecdn g\u00e0ng v\u00e0 d\u1ec5 m\u1eb7c. Chi ti\u1ebft kh\u0103n c\u1ed5 ph\u1ed1i t\u1ea1o \u0111i\u1ec3m nh\u1ea5n m\u1ec1m m\u1ea1i, mang l\u1ea1i n\u00e9t n\u1eef t\u00ednh v\u00e0 cu\u1ed1n h\u00fat. Thi\u1ebft k\u1ebf t\u1ed1i gi\u1ea3n, d\u1ec5 \u1ee9ng d\u1ee5ng trong nhi\u1ec1u ho\u00e0n c\u1ea3nh kh\u00e1c nhau.<\/p>\n<p><strong>Ch\u1ea5t li\u1ec7u<\/strong><br \/>\nS\u1eed d\u1ee5ng v\u1ea3i poplin k\u1ebft h\u1ee3p ch\u1ea5t li\u1ec7u linen mang c\u1ea3m gi\u00e1c tho\u00e1ng, nh\u1eb9, c\u00f3 \u0111\u1ed9 \u0111\u1ee9ng form t\u1ef1 nhi\u00ean, mang l\u1ea1i c\u1ea3m gi\u00e1c tho\u1ea3i m\u00e1i khi m\u1eb7c trong th\u1eddi gian d\u00e0i.<\/p>\n<p><strong>Ph\u1ed1i \u0111\u1ed3<\/strong><br \/>\nThi\u1ebft k\u1ebf ph\u00f9 h\u1ee3p cho m\u00f4i tr\u01b0\u1eddng c\u00f4ng s\u1edf, d\u1ea1o ph\u1ed1 ho\u1eb7c caf\u00e9 nh\u1eb9 nh\u00e0ng. C\u00f3 th\u1ec3 k\u1ebft h\u1ee3p c\u00f9ng qu\u1ea7n short, qu\u1ea7n su\u00f4ng ho\u1eb7c ch\u00e2n v\u00e1y \u0111\u1ec3 linh ho\u1ea1t thay \u0111\u1ed5i phong c\u00e1ch. Ph\u1ed1i c\u00f9ng ph\u1ee5 ki\u1ec7n t\u1ed1i gi\u1ea3n ho\u1eb7c kh\u0103n bu\u1ed9c c\u1ed5 \u0111\u1ec3 t\u0103ng \u0111i\u1ec3m nh\u1ea5n cho t\u1ed5ng th\u1ec3.<\/p>\n<p><strong>H\u01b0\u1edbng d\u1eabn b\u1ea3o qu\u1ea3n<\/strong><br \/>\n&#8211; Khuy\u1ebfn kh\u00edch gi\u1eb7t tay nh\u1eb9 nh\u00e0ng, kh\u00f4ng v\u00f2 xo\u1eafn m\u1ea1nh.<br \/>\n&#8211; Ph\u01a1i trong b\u00f3ng r\u00e2m, tr\u00e1nh \u00e1nh n\u1eafng tr\u1ef1c ti\u1ebfp.<br \/>\n&#8211; L\u00e0 \u1edf nhi\u1ec7t \u0111\u1ed9 v\u1eeba ph\u1ea3i \u0111\u1ec3 gi\u1eef form v\u00e0 b\u1ec1 m\u1eb7t v\u1ea3i.<\/p>\n","protected":false},"excerpt":{"rendered":"<p>Tr\u00ean con \u0111\u01b0\u1eddng quen thu\u1ed9c d\u1eabn \u0111\u1ebfn v\u0103n ph\u00f2ng, n\u00e0ng v\u1eeba b\u01b0\u1edbc \u0111i v\u1eeba l\u1eadt nh\u1eb9 nh\u1eefng trang t\u00e0i li\u1ec7u c\u00f2n dang d\u1edf. Nh\u1eefng d\u00f2ng ghi ch\u00fa xen k\u1ebd s\u1eafc m\u00e0u n\u1ed5i b\u1eadt tr\u00ean n\u1ec1n gi\u1ea5y tr\u1eafng, gi\u1ed1ng nh\u01b0 m\u1ed9t ng\u00e0y m\u1edbi \u0111ang d\u1ea7n hi\u1ec7n r\u00f5 tr\u01b0\u1edbc m\u1eaft. Th\u00e0nh ph\u1ed1 \u0111\u00e3 b\u1eaft \u0111\u1ea7u nh\u1ed9n nh\u1ecbp, [&#8230;]\n","protected":false},"featured_media":172,"comment_status":"open","ping_status":"closed","template":"","meta":[],"product_brand":[],"product_cat":[28],"product_tag":[],"class_list":{"0":"post-123","1":"product","2":"type-product","3":"status-publish","4":"has-post-thumbnail","6":"product_cat-ao","8":"first","9":"instock","10":"shipping-taxable","11":"purchasable","12":"product-type-variable"},"yoast_head":"<!-- This site is optimized with the Yoast SEO plugin v27.2 - https:\/\/yoast.com\/product\/yoast-seo-wordpress\/ -->\n<title>\u00c1o s\u01a1 mi linen d\u00e1ng su\u00f4ng v\u1eeba - Shop th\u1eddi trang<\/title>\n<meta name=\"robots\" content=\"noindex, follow, max-snippet:-1, max-image-preview:large, max-video-preview:-1\" \/>\n<meta property=\"og:locale\" content=\"vi_VN\" \/>\n<meta property=\"og:type\" content=\"article\" \/>\n<meta property=\"og:title\" content=\"\u00c1o s\u01a1 mi linen d\u00e1ng su\u00f4ng v\u1eeba - Shop th\u1eddi trang\" \/>\n<meta property=\"og:description\" content=\"Tr\u00ean con \u0111\u01b0\u1eddng quen thu\u1ed9c d\u1eabn \u0111\u1ebfn v\u0103n ph\u00f2ng, n\u00e0ng v\u1eeba b\u01b0\u1edbc \u0111i v\u1eeba l\u1eadt nh\u1eb9 nh\u1eefng trang t\u00e0i li\u1ec7u c\u00f2n dang d\u1edf. Nh\u1eefng d\u00f2ng ghi ch\u00fa xen k\u1ebd s\u1eafc m\u00e0u n\u1ed5i b\u1eadt tr\u00ean n\u1ec1n gi\u1ea5y tr\u1eafng, gi\u1ed1ng nh\u01b0 m\u1ed9t ng\u00e0y m\u1edbi \u0111ang d\u1ea7n hi\u1ec7n r\u00f5 tr\u01b0\u1edbc m\u1eaft. Th\u00e0nh ph\u1ed1 \u0111\u00e3 b\u1eaft \u0111\u1ea7u nh\u1ed9n nh\u1ecbp, [...]\" \/>\n<meta property=\"og:url\" content=\"https:\/\/phuonguyen.azdigi.shop\/?product=ao-so-mi-linen-dang-suong-vua\" \/>\n<meta property=\"og:site_name\" content=\"Shop th\u1eddi trang\" \/>\n<meta property=\"og:image\" content=\"https:\/\/phuonguyen.azdigi.shop\/wp-content\/uploads\/2026\/04\/Ao-so-mi-linen-dang-suong-vua-1-scaled.jpg\" \/>\n\t<meta property=\"og:image:width\" content=\"1708\" \/>\n\t<meta property=\"og:image:height\" content=\"2560\" \/>\n\t<meta property=\"og:image:type\" content=\"image\/jpeg\" \/>\n<meta name=\"twitter:card\" content=\"summary_large_image\" \/>\n<meta name=\"twitter:label1\" content=\"\u01af\u1edbc t\u00ednh th\u1eddi gian \u0111\u1ecdc\" \/>\n\t<meta name=\"twitter:data1\" content=\"2 ph\u00fat\" \/>\n<script type=\"application\/ld+json\" class=\"yoast-schema-graph\">{\"@context\":\"https:\/\/schema.org\",\"@graph\":[{\"@type\":\"WebPage\",\"@id\":\"https:\/\/phuonguyen.azdigi.shop\/?product=ao-so-mi-linen-dang-suong-vua\",\"url\":\"https:\/\/phuonguyen.azdigi.shop\/?product=ao-so-mi-linen-dang-suong-vua\",\"name\":\"\u00c1o s\u01a1 mi linen d\u00e1ng su\u00f4ng v\u1eeba - Shop th\u1eddi trang\",\"isPartOf\":{\"@id\":\"https:\/\/phuonguyen.azdigi.shop\/#website\"},\"primaryImageOfPage\":{\"@id\":\"https:\/\/phuonguyen.azdigi.shop\/?product=ao-so-mi-linen-dang-suong-vua#primaryimage\"},\"image\":{\"@id\":\"https:\/\/phuonguyen.azdigi.shop\/?product=ao-so-mi-linen-dang-suong-vua#primaryimage\"},\"thumbnailUrl\":\"https:\/\/phuonguyen.azdigi.shop\/wp-content\/uploads\/2026\/04\/Ao-so-mi-linen-dang-suong-vua-1-scaled.jpg\",\"datePublished\":\"2026-04-11T16:57:23+00:00\",\"breadcrumb\":{\"@id\":\"https:\/\/phuonguyen.azdigi.shop\/?product=ao-so-mi-linen-dang-suong-vua#breadcrumb\"},\"inLanguage\":\"vi\",\"potentialAction\":[{\"@type\":\"ReadAction\",\"target\":[\"https:\/\/phuonguyen.azdigi.shop\/?product=ao-so-mi-linen-dang-suong-vua\"]}]},{\"@type\":\"ImageObject\",\"inLanguage\":\"vi\",\"@id\":\"https:\/\/phuonguyen.azdigi.shop\/?product=ao-so-mi-linen-dang-suong-vua#primaryimage\",\"url\":\"https:\/\/phuonguyen.azdigi.shop\/wp-content\/uploads\/2026\/04\/Ao-so-mi-linen-dang-suong-vua-1-scaled.jpg\",\"contentUrl\":\"https:\/\/phuonguyen.azdigi.shop\/wp-content\/uploads\/2026\/04\/Ao-so-mi-linen-dang-suong-vua-1-scaled.jpg\",\"width\":1708,\"height\":2560,\"caption\":\"Evoto\"},{\"@type\":\"BreadcrumbList\",\"@id\":\"https:\/\/phuonguyen.azdigi.shop\/?product=ao-so-mi-linen-dang-suong-vua#breadcrumb\",\"itemListElement\":[{\"@type\":\"ListItem\",\"position\":1,\"name\":\"Trang ch\u1ee7\",\"item\":\"https:\/\/phuonguyen.azdigi.shop\/\"},{\"@type\":\"ListItem\",\"position\":2,\"name\":\"C\u1eeda h\u00e0ng\",\"item\":\"https:\/\/phuonguyen.azdigi.shop\/?page_id=35\"},{\"@type\":\"ListItem\",\"position\":3,\"name\":\"\u00c1o s\u01a1 mi linen d\u00e1ng su\u00f4ng v\u1eeba\"}]},{\"@type\":\"WebSite\",\"@id\":\"https:\/\/phuonguyen.azdigi.shop\/#website\",\"url\":\"https:\/\/phuonguyen.azdigi.shop\/\",\"name\":\"Shop th\u1eddi trang\",\"description\":\"\",\"potentialAction\":[{\"@type\":\"SearchAction\",\"target\":{\"@type\":\"EntryPoint\",\"urlTemplate\":\"https:\/\/phuonguyen.azdigi.shop\/?s={search_term_string}\"},\"query-input\":{\"@type\":\"PropertyValueSpecification\",\"valueRequired\":true,\"valueName\":\"search_term_string\"}}],\"inLanguage\":\"vi\"}]}<\/script>\n<!-- \/ Yoast SEO plugin. -->","yoast_head_json":{"title":"\u00c1o s\u01a1 mi linen d\u00e1ng su\u00f4ng v\u1eeba - Shop th\u1eddi trang","robots":{"index":"noindex","follow":"follow","max-snippet":"max-snippet:-1","max-image-preview":"max-image-preview:large","max-video-preview":"max-video-preview:-1"},"og_locale":"vi_VN","og_type":"article","og_title":"\u00c1o s\u01a1 mi linen d\u00e1ng su\u00f4ng v\u1eeba - Shop th\u1eddi trang","og_description":"Tr\u00ean con \u0111\u01b0\u1eddng quen thu\u1ed9c d\u1eabn \u0111\u1ebfn v\u0103n ph\u00f2ng, n\u00e0ng v\u1eeba b\u01b0\u1edbc \u0111i v\u1eeba l\u1eadt nh\u1eb9 nh\u1eefng trang t\u00e0i li\u1ec7u c\u00f2n dang d\u1edf. Nh\u1eefng d\u00f2ng ghi ch\u00fa xen k\u1ebd s\u1eafc m\u00e0u n\u1ed5i b\u1eadt tr\u00ean n\u1ec1n gi\u1ea5y tr\u1eafng, gi\u1ed1ng nh\u01b0 m\u1ed9t ng\u00e0y m\u1edbi \u0111ang d\u1ea7n hi\u1ec7n r\u00f5 tr\u01b0\u1edbc m\u1eaft. Th\u00e0nh ph\u1ed1 \u0111\u00e3 b\u1eaft \u0111\u1ea7u nh\u1ed9n nh\u1ecbp, [...]","og_url":"https:\/\/phuonguyen.azdigi.shop\/?product=ao-so-mi-linen-dang-suong-vua","og_site_name":"Shop th\u1eddi trang","og_image":[{"width":1708,"height":2560,"url":"https:\/\/phuonguyen.azdigi.shop\/wp-content\/uploads\/2026\/04\/Ao-so-mi-linen-dang-suong-vua-1-scaled.jpg","type":"image\/jpeg"}],"twitter_card":"summary_large_image","twitter_misc":{"\u01af\u1edbc t\u00ednh th\u1eddi gian \u0111\u1ecdc":"2 ph\u00fat"},"schema":{"@context":"https:\/\/schema.org","@graph":[{"@type":"WebPage","@id":"https:\/\/phuonguyen.azdigi.shop\/?product=ao-so-mi-linen-dang-suong-vua","url":"https:\/\/phuonguyen.azdigi.shop\/?product=ao-so-mi-linen-dang-suong-vua","name":"\u00c1o s\u01a1 mi linen d\u00e1ng su\u00f4ng v\u1eeba - Shop th\u1eddi trang","isPartOf":{"@id":"https:\/\/phuonguyen.azdigi.shop\/#website"},"primaryImageOfPage":{"@id":"https:\/\/phuonguyen.azdigi.shop\/?product=ao-so-mi-linen-dang-suong-vua#primaryimage"},"image":{"@id":"https:\/\/phuonguyen.azdigi.shop\/?product=ao-so-mi-linen-dang-suong-vua#primaryimage"},"thumbnailUrl":"https:\/\/phuonguyen.azdigi.shop\/wp-content\/uploads\/2026\/04\/Ao-so-mi-linen-dang-suong-vua-1-scaled.jpg","datePublished":"2026-04-11T16:57:23+00:00","breadcrumb":{"@id":"https:\/\/phuonguyen.azdigi.shop\/?product=ao-so-mi-linen-dang-suong-vua#breadcrumb"},"inLanguage":"vi","potentialAction":[{"@type":"ReadAction","target":["https:\/\/phuonguyen.azdigi.shop\/?product=ao-so-mi-linen-dang-suong-vua"]}]},{"@type":"ImageObject","inLanguage":"vi","@id":"https:\/\/phuonguyen.azdigi.shop\/?product=ao-so-mi-linen-dang-suong-vua#primaryimage","url":"https:\/\/phuonguyen.azdigi.shop\/wp-content\/uploads\/2026\/04\/Ao-so-mi-linen-dang-suong-vua-1-scaled.jpg","contentUrl":"https:\/\/phuonguyen.azdigi.shop\/wp-content\/uploads\/2026\/04\/Ao-so-mi-linen-dang-suong-vua-1-scaled.jpg","width":1708,"height":2560,"caption":"Evoto"},{"@type":"BreadcrumbList","@id":"https:\/\/phuonguyen.azdigi.shop\/?product=ao-so-mi-linen-dang-suong-vua#breadcrumb","itemListElement":[{"@type":"ListItem","position":1,"name":"Trang ch\u1ee7","item":"https:\/\/phuonguyen.azdigi.shop\/"},{"@type":"ListItem","position":2,"name":"C\u1eeda h\u00e0ng","item":"https:\/\/phuonguyen.azdigi.shop\/?page_id=35"},{"@type":"ListItem","position":3,"name":"\u00c1o s\u01a1 mi linen d\u00e1ng su\u00f4ng v\u1eeba"}]},{"@type":"WebSite","@id":"https:\/\/phuonguyen.azdigi.shop\/#website","url":"https:\/\/phuonguyen.azdigi.shop\/","name":"Shop th\u1eddi trang","description":"","potentialAction":[{"@type":"SearchAction","target":{"@type":"EntryPoint","urlTemplate":"https:\/\/phuonguyen.azdigi.shop\/?s={search_term_string}"},"query-input":{"@type":"PropertyValueSpecification","valueRequired":true,"valueName":"search_term_string"}}],"inLanguage":"vi"}]}},"jetpack_sharing_enabled":true,"_links":{"self":[{"href":"https:\/\/phuonguyen.azdigi.shop\/index.php?rest_route=\/wp\/v2\/product\/123","targetHints":{"allow":["GET"]}}],"collection":[{"href":"https:\/\/phuonguyen.azdigi.shop\/index.php?rest_route=\/wp\/v2\/product"}],"about":[{"href":"https:\/\/phuonguyen.azdigi.shop\/index.php?rest_route=\/wp\/v2\/types\/product"}],"replies":[{"embeddable":true,"href":"https:\/\/phuonguyen.azdigi.shop\/index.php?rest_route=%2Fwp%2Fv2%2Fcomments&post=123"}],"wp:featuredmedia":[{"embeddable":true,"href":"https:\/\/phuonguyen.azdigi.shop\/index.php?rest_route=\/wp\/v2\/media\/172"}],"wp:attachment":[{"href":"https:\/\/phuonguyen.azdigi.shop\/index.php?rest_route=%2Fwp%2Fv2%2Fmedia&parent=123"}],"wp:term":[{"taxonomy":"product_brand","embeddable":true,"href":"https:\/\/phuonguyen.azdigi.shop\/index.php?rest_route=%2Fwp%2Fv2%2Fproduct_brand&post=123"},{"taxonomy":"product_cat","embeddable":true,"href":"https:\/\/phuonguyen.azdigi.shop\/index.php?rest_route=%2Fwp%2Fv2%2Fproduct_cat&post=123"},{"taxonomy":"product_tag","embeddable":true,"href":"https:\/\/phuonguyen.azdigi.shop\/index.php?rest_route=%2Fwp%2Fv2%2Fproduct_tag&post=123"}],"curies":[{"name":"wp","href":"https:\/\/api.w.org\/{rel}","templated":true}]}}