{"id":146,"date":"2026-04-11T16:21:43","date_gmt":"2026-04-11T16:21:43","guid":{"rendered":"https:\/\/phuonguyen.azdigi.shop\/?post_type=product&#038;p=146"},"modified":"2026-04-11T16:21:43","modified_gmt":"2026-04-11T16:21:43","slug":"ao-so-mi-croptop-co-duc","status":"publish","type":"product","link":"https:\/\/phuonguyen.azdigi.shop\/?product=ao-so-mi-croptop-co-duc","title":{"rendered":"\u00c1o s\u01a1 mi croptop c\u1ed5 \u0111\u1ee9c"},"content":{"rendered":"<p>M\u1ed9t chi\u1ebfc s\u01a1 mi gi\u1ea3n \u0111\u01a1n nh\u01b0ng \u0111\u1ee7 \u0111\u1ec3 mang l\u1ea1i c\u1ea3m gi\u00e1c nh\u1eb9 nh\u00f5m, th\u01b0 th\u00e1i nh\u01b0 b\u1eaft \u0111\u1ea7u m\u1ed9t ng\u00e0y m\u1edbi v\u1edbi ngu\u1ed3n n\u0103ng l\u01b0\u1ee3ng trong tr\u1ebbo.<\/p>\n<p><strong>Thi\u1ebft k\u1ebf<\/strong><br \/>\nPhom d\u00e1ng su\u00f4ng hi\u1ec7n \u0111\u1ea1i, t\u1ea1o s\u1ef1 tho\u1ea3i m\u00e1i v\u00e0 linh ho\u1ea1t trong t\u1eebng chuy\u1ec3n \u0111\u1ed9ng. C\u1ed5 \u00e1o nh\u1ecdn ch\u1ec9n chu, h\u00e0ng c\u00fac \u0111\u1ed3ng \u0111i\u1ec7u c\u00f9ng chi ti\u1ebft th\u00eau nh\u1ecf n\u01a1i ng\u1ef1c \u00e1o \u2013 \u0111i\u1ec3m nh\u1ea5n v\u1eeba tinh t\u1ebf v\u1eeba k\u00edn \u0111\u00e1o. Tay d\u00e0i c\u00f9ng ph\u1ea7n c\u1ed5 tay b\u1ea3n l\u1edbn gi\u00fap t\u1ed5ng th\u1ec3 th\u00eam c\u00e2n \u0111\u1ed1i, thanh l\u1ecbch.<\/p>\n<p><strong>Ch\u1ea5t li\u1ec7u<\/strong><br \/>\nS\u1eed d\u1ee5ng v\u1ea3i \u0111\u1ee9ng d\u00e1ng, d\u1ec5 gi\u1eef form v\u00e0 tho\u00e1ng m\u00e1t, ph\u00f9 h\u1ee3p cho c\u1ea3 m\u00f4i tr\u01b0\u1eddng c\u00f4ng s\u1edf l\u1eabn nh\u1eefng bu\u1ed5i g\u1eb7p g\u1ee1 th\u01b0\u1eddng ng\u00e0y.<\/p>\n<p><strong>Ph\u1ed1i \u0111\u1ed3<\/strong><br \/>\n\u2013 Di\u1ec7n c\u00f9ng qu\u1ea7n \u00e2u hay ch\u00e2n v\u00e1y \u0111\u1ec3 ho\u00e0n thi\u1ec7n phong c\u00e1ch c\u00f4ng s\u1edf ch\u1ec9nh chu.<br \/>\n\u2013 Ph\u1ed1i v\u1edbi qu\u1ea7n jeans ho\u1eb7c v\u00e1y midi cho nh\u1eefng ng\u00e0y d\u1ea1o ph\u1ed1 nh\u1eb9 nh\u00e0ng, tho\u1ea3i m\u00e1i.<\/p>\n<p><strong>H\u01b0\u1edbng d\u1eabn b\u1ea3o qu\u1ea3n<\/strong><br \/>\n\u2013 Gi\u1eb7t tay ho\u1eb7c gi\u1eb7t m\u00e1y \u1edf ch\u1ebf \u0111\u1ed9 nh\u1eb9.<br \/>\n\u2013 H\u1ea1n ch\u1ebf d\u00f9ng ch\u1ea5t t\u1ea9y m\u1ea1nh.<br \/>\n\u2013 \u1ee6i \u1edf nhi\u1ec7t \u0111\u1ed9 trung b\u00ecnh.<br \/>\n\u2013 B\u1ea3o qu\u1ea3n n\u01a1i kh\u00f4 tho\u00e1ng, tr\u00e1nh \u00e1nh n\u1eafng g\u1eaft tr\u1ef1c ti\u1ebfp.<\/p>\n","protected":false},"excerpt":{"rendered":"<p>M\u1ed9t chi\u1ebfc s\u01a1 mi gi\u1ea3n \u0111\u01a1n nh\u01b0ng \u0111\u1ee7 \u0111\u1ec3 mang l\u1ea1i c\u1ea3m gi\u00e1c nh\u1eb9 nh\u00f5m, th\u01b0 th\u00e1i nh\u01b0 b\u1eaft \u0111\u1ea7u m\u1ed9t ng\u00e0y m\u1edbi v\u1edbi ngu\u1ed3n n\u0103ng l\u01b0\u1ee3ng trong tr\u1ebbo. Thi\u1ebft k\u1ebf Phom d\u00e1ng su\u00f4ng hi\u1ec7n \u0111\u1ea1i, t\u1ea1o s\u1ef1 tho\u1ea3i m\u00e1i v\u00e0 linh ho\u1ea1t trong t\u1eebng chuy\u1ec3n \u0111\u1ed9ng. C\u1ed5 \u00e1o nh\u1ecdn ch\u1ec9n chu, h\u00e0ng c\u00fac \u0111\u1ed3ng [&#8230;]\n","protected":false},"featured_media":147,"comment_status":"open","ping_status":"closed","template":"","meta":[],"product_brand":[],"product_cat":[28],"product_tag":[],"class_list":{"0":"post-146","1":"product","2":"type-product","3":"status-publish","4":"has-post-thumbnail","6":"product_cat-ao","8":"first","9":"instock","10":"sale","11":"shipping-taxable","12":"purchasable","13":"product-type-variable"},"yoast_head":"<!-- This site is optimized with the Yoast SEO plugin v27.2 - https:\/\/yoast.com\/product\/yoast-seo-wordpress\/ -->\n<title>\u00c1o s\u01a1 mi croptop c\u1ed5 \u0111\u1ee9c - Shop th\u1eddi trang<\/title>\n<meta name=\"robots\" content=\"noindex, follow, max-snippet:-1, max-image-preview:large, max-video-preview:-1\" \/>\n<meta property=\"og:locale\" content=\"vi_VN\" \/>\n<meta property=\"og:type\" content=\"article\" \/>\n<meta property=\"og:title\" content=\"\u00c1o s\u01a1 mi croptop c\u1ed5 \u0111\u1ee9c - Shop th\u1eddi trang\" \/>\n<meta property=\"og:description\" content=\"M\u1ed9t chi\u1ebfc s\u01a1 mi gi\u1ea3n \u0111\u01a1n nh\u01b0ng \u0111\u1ee7 \u0111\u1ec3 mang l\u1ea1i c\u1ea3m gi\u00e1c nh\u1eb9 nh\u00f5m, th\u01b0 th\u00e1i nh\u01b0 b\u1eaft \u0111\u1ea7u m\u1ed9t ng\u00e0y m\u1edbi v\u1edbi ngu\u1ed3n n\u0103ng l\u01b0\u1ee3ng trong tr\u1ebbo. Thi\u1ebft k\u1ebf Phom d\u00e1ng su\u00f4ng hi\u1ec7n \u0111\u1ea1i, t\u1ea1o s\u1ef1 tho\u1ea3i m\u00e1i v\u00e0 linh ho\u1ea1t trong t\u1eebng chuy\u1ec3n \u0111\u1ed9ng. C\u1ed5 \u00e1o nh\u1ecdn ch\u1ec9n chu, h\u00e0ng c\u00fac \u0111\u1ed3ng [...]\" \/>\n<meta property=\"og:url\" content=\"https:\/\/phuonguyen.azdigi.shop\/?product=ao-so-mi-croptop-co-duc\" \/>\n<meta property=\"og:site_name\" content=\"Shop th\u1eddi trang\" \/>\n<meta property=\"og:image\" content=\"https:\/\/phuonguyen.azdigi.shop\/wp-content\/uploads\/2026\/04\/Ao-so-mi-croptop-co-duc-scaled.jpg\" \/>\n\t<meta property=\"og:image:width\" content=\"1707\" \/>\n\t<meta property=\"og:image:height\" content=\"2560\" \/>\n\t<meta property=\"og:image:type\" content=\"image\/jpeg\" \/>\n<meta name=\"twitter:card\" content=\"summary_large_image\" \/>\n<meta name=\"twitter:label1\" content=\"\u01af\u1edbc t\u00ednh th\u1eddi gian \u0111\u1ecdc\" \/>\n\t<meta name=\"twitter:data1\" content=\"2 ph\u00fat\" \/>\n<script type=\"application\/ld+json\" class=\"yoast-schema-graph\">{\"@context\":\"https:\/\/schema.org\",\"@graph\":[{\"@type\":\"WebPage\",\"@id\":\"https:\/\/phuonguyen.azdigi.shop\/?product=ao-so-mi-croptop-co-duc\",\"url\":\"https:\/\/phuonguyen.azdigi.shop\/?product=ao-so-mi-croptop-co-duc\",\"name\":\"\u00c1o s\u01a1 mi croptop c\u1ed5 \u0111\u1ee9c - Shop th\u1eddi trang\",\"isPartOf\":{\"@id\":\"https:\/\/phuonguyen.azdigi.shop\/#website\"},\"primaryImageOfPage\":{\"@id\":\"https:\/\/phuonguyen.azdigi.shop\/?product=ao-so-mi-croptop-co-duc#primaryimage\"},\"image\":{\"@id\":\"https:\/\/phuonguyen.azdigi.shop\/?product=ao-so-mi-croptop-co-duc#primaryimage\"},\"thumbnailUrl\":\"https:\/\/phuonguyen.azdigi.shop\/wp-content\/uploads\/2026\/04\/Ao-so-mi-croptop-co-duc-scaled.jpg\",\"datePublished\":\"2026-04-11T16:21:43+00:00\",\"breadcrumb\":{\"@id\":\"https:\/\/phuonguyen.azdigi.shop\/?product=ao-so-mi-croptop-co-duc#breadcrumb\"},\"inLanguage\":\"vi\",\"potentialAction\":[{\"@type\":\"ReadAction\",\"target\":[\"https:\/\/phuonguyen.azdigi.shop\/?product=ao-so-mi-croptop-co-duc\"]}]},{\"@type\":\"ImageObject\",\"inLanguage\":\"vi\",\"@id\":\"https:\/\/phuonguyen.azdigi.shop\/?product=ao-so-mi-croptop-co-duc#primaryimage\",\"url\":\"https:\/\/phuonguyen.azdigi.shop\/wp-content\/uploads\/2026\/04\/Ao-so-mi-croptop-co-duc-scaled.jpg\",\"contentUrl\":\"https:\/\/phuonguyen.azdigi.shop\/wp-content\/uploads\/2026\/04\/Ao-so-mi-croptop-co-duc-scaled.jpg\",\"width\":1707,\"height\":2560},{\"@type\":\"BreadcrumbList\",\"@id\":\"https:\/\/phuonguyen.azdigi.shop\/?product=ao-so-mi-croptop-co-duc#breadcrumb\",\"itemListElement\":[{\"@type\":\"ListItem\",\"position\":1,\"name\":\"Trang ch\u1ee7\",\"item\":\"https:\/\/phuonguyen.azdigi.shop\/\"},{\"@type\":\"ListItem\",\"position\":2,\"name\":\"C\u1eeda h\u00e0ng\",\"item\":\"https:\/\/phuonguyen.azdigi.shop\/?page_id=35\"},{\"@type\":\"ListItem\",\"position\":3,\"name\":\"\u00c1o s\u01a1 mi croptop c\u1ed5 \u0111\u1ee9c\"}]},{\"@type\":\"WebSite\",\"@id\":\"https:\/\/phuonguyen.azdigi.shop\/#website\",\"url\":\"https:\/\/phuonguyen.azdigi.shop\/\",\"name\":\"Shop th\u1eddi trang\",\"description\":\"\",\"potentialAction\":[{\"@type\":\"SearchAction\",\"target\":{\"@type\":\"EntryPoint\",\"urlTemplate\":\"https:\/\/phuonguyen.azdigi.shop\/?s={search_term_string}\"},\"query-input\":{\"@type\":\"PropertyValueSpecification\",\"valueRequired\":true,\"valueName\":\"search_term_string\"}}],\"inLanguage\":\"vi\"}]}<\/script>\n<!-- \/ Yoast SEO plugin. -->","yoast_head_json":{"title":"\u00c1o s\u01a1 mi croptop c\u1ed5 \u0111\u1ee9c - Shop th\u1eddi trang","robots":{"index":"noindex","follow":"follow","max-snippet":"max-snippet:-1","max-image-preview":"max-image-preview:large","max-video-preview":"max-video-preview:-1"},"og_locale":"vi_VN","og_type":"article","og_title":"\u00c1o s\u01a1 mi croptop c\u1ed5 \u0111\u1ee9c - Shop th\u1eddi trang","og_description":"M\u1ed9t chi\u1ebfc s\u01a1 mi gi\u1ea3n \u0111\u01a1n nh\u01b0ng \u0111\u1ee7 \u0111\u1ec3 mang l\u1ea1i c\u1ea3m gi\u00e1c nh\u1eb9 nh\u00f5m, th\u01b0 th\u00e1i nh\u01b0 b\u1eaft \u0111\u1ea7u m\u1ed9t ng\u00e0y m\u1edbi v\u1edbi ngu\u1ed3n n\u0103ng l\u01b0\u1ee3ng trong tr\u1ebbo. Thi\u1ebft k\u1ebf Phom d\u00e1ng su\u00f4ng hi\u1ec7n \u0111\u1ea1i, t\u1ea1o s\u1ef1 tho\u1ea3i m\u00e1i v\u00e0 linh ho\u1ea1t trong t\u1eebng chuy\u1ec3n \u0111\u1ed9ng. C\u1ed5 \u00e1o nh\u1ecdn ch\u1ec9n chu, h\u00e0ng c\u00fac \u0111\u1ed3ng [...]","og_url":"https:\/\/phuonguyen.azdigi.shop\/?product=ao-so-mi-croptop-co-duc","og_site_name":"Shop th\u1eddi trang","og_image":[{"width":1707,"height":2560,"url":"https:\/\/phuonguyen.azdigi.shop\/wp-content\/uploads\/2026\/04\/Ao-so-mi-croptop-co-duc-scaled.jpg","type":"image\/jpeg"}],"twitter_card":"summary_large_image","twitter_misc":{"\u01af\u1edbc t\u00ednh th\u1eddi gian \u0111\u1ecdc":"2 ph\u00fat"},"schema":{"@context":"https:\/\/schema.org","@graph":[{"@type":"WebPage","@id":"https:\/\/phuonguyen.azdigi.shop\/?product=ao-so-mi-croptop-co-duc","url":"https:\/\/phuonguyen.azdigi.shop\/?product=ao-so-mi-croptop-co-duc","name":"\u00c1o s\u01a1 mi croptop c\u1ed5 \u0111\u1ee9c - Shop th\u1eddi trang","isPartOf":{"@id":"https:\/\/phuonguyen.azdigi.shop\/#website"},"primaryImageOfPage":{"@id":"https:\/\/phuonguyen.azdigi.shop\/?product=ao-so-mi-croptop-co-duc#primaryimage"},"image":{"@id":"https:\/\/phuonguyen.azdigi.shop\/?product=ao-so-mi-croptop-co-duc#primaryimage"},"thumbnailUrl":"https:\/\/phuonguyen.azdigi.shop\/wp-content\/uploads\/2026\/04\/Ao-so-mi-croptop-co-duc-scaled.jpg","datePublished":"2026-04-11T16:21:43+00:00","breadcrumb":{"@id":"https:\/\/phuonguyen.azdigi.shop\/?product=ao-so-mi-croptop-co-duc#breadcrumb"},"inLanguage":"vi","potentialAction":[{"@type":"ReadAction","target":["https:\/\/phuonguyen.azdigi.shop\/?product=ao-so-mi-croptop-co-duc"]}]},{"@type":"ImageObject","inLanguage":"vi","@id":"https:\/\/phuonguyen.azdigi.shop\/?product=ao-so-mi-croptop-co-duc#primaryimage","url":"https:\/\/phuonguyen.azdigi.shop\/wp-content\/uploads\/2026\/04\/Ao-so-mi-croptop-co-duc-scaled.jpg","contentUrl":"https:\/\/phuonguyen.azdigi.shop\/wp-content\/uploads\/2026\/04\/Ao-so-mi-croptop-co-duc-scaled.jpg","width":1707,"height":2560},{"@type":"BreadcrumbList","@id":"https:\/\/phuonguyen.azdigi.shop\/?product=ao-so-mi-croptop-co-duc#breadcrumb","itemListElement":[{"@type":"ListItem","position":1,"name":"Trang ch\u1ee7","item":"https:\/\/phuonguyen.azdigi.shop\/"},{"@type":"ListItem","position":2,"name":"C\u1eeda h\u00e0ng","item":"https:\/\/phuonguyen.azdigi.shop\/?page_id=35"},{"@type":"ListItem","position":3,"name":"\u00c1o s\u01a1 mi croptop c\u1ed5 \u0111\u1ee9c"}]},{"@type":"WebSite","@id":"https:\/\/phuonguyen.azdigi.shop\/#website","url":"https:\/\/phuonguyen.azdigi.shop\/","name":"Shop th\u1eddi trang","description":"","potentialAction":[{"@type":"SearchAction","target":{"@type":"EntryPoint","urlTemplate":"https:\/\/phuonguyen.azdigi.shop\/?s={search_term_string}"},"query-input":{"@type":"PropertyValueSpecification","valueRequired":true,"valueName":"search_term_string"}}],"inLanguage":"vi"}]}},"jetpack_sharing_enabled":true,"_links":{"self":[{"href":"https:\/\/phuonguyen.azdigi.shop\/index.php?rest_route=\/wp\/v2\/product\/146","targetHints":{"allow":["GET"]}}],"collection":[{"href":"https:\/\/phuonguyen.azdigi.shop\/index.php?rest_route=\/wp\/v2\/product"}],"about":[{"href":"https:\/\/phuonguyen.azdigi.shop\/index.php?rest_route=\/wp\/v2\/types\/product"}],"replies":[{"embeddable":true,"href":"https:\/\/phuonguyen.azdigi.shop\/index.php?rest_route=%2Fwp%2Fv2%2Fcomments&post=146"}],"wp:featuredmedia":[{"embeddable":true,"href":"https:\/\/phuonguyen.azdigi.shop\/index.php?rest_route=\/wp\/v2\/media\/147"}],"wp:attachment":[{"href":"https:\/\/phuonguyen.azdigi.shop\/index.php?rest_route=%2Fwp%2Fv2%2Fmedia&parent=146"}],"wp:term":[{"taxonomy":"product_brand","embeddable":true,"href":"https:\/\/phuonguyen.azdigi.shop\/index.php?rest_route=%2Fwp%2Fv2%2Fproduct_brand&post=146"},{"taxonomy":"product_cat","embeddable":true,"href":"https:\/\/phuonguyen.azdigi.shop\/index.php?rest_route=%2Fwp%2Fv2%2Fproduct_cat&post=146"},{"taxonomy":"product_tag","embeddable":true,"href":"https:\/\/phuonguyen.azdigi.shop\/index.php?rest_route=%2Fwp%2Fv2%2Fproduct_tag&post=146"}],"curies":[{"name":"wp","href":"https:\/\/api.w.org\/{rel}","templated":true}]}}