{"id":202,"date":"2026-04-11T17:40:14","date_gmt":"2026-04-11T17:40:14","guid":{"rendered":"https:\/\/phuonguyen.azdigi.shop\/?post_type=product&#038;p=202"},"modified":"2026-04-11T17:40:14","modified_gmt":"2026-04-11T17:40:14","slug":"quan-sunny-suong-ong-rong","status":"publish","type":"product","link":"https:\/\/phuonguyen.azdigi.shop\/?product=quan-sunny-suong-ong-rong","title":{"rendered":"Qu\u1ea7n sunny su\u00f4ng \u1ed1ng r\u1ed9ng"},"content":{"rendered":"<p>&#8211; CH\u1ea4T LI\u1ec6U : H\u1eccA TI\u1ebeT NH\u0102N ( puff MIDI ): L\u00e0 ch\u1ea5t li\u1ec7u c\u00f3 ngu\u1ed3n g\u1ed1c t\u1ef1 nhi\u00ean \u0111\u01b0\u1ee3c d\u1ec7t t\u1eeb s\u1ee3i t\u01a1 t\u1eb1m \u0110\u00e2y \u0111\u01b0\u1ee3c xem l\u00e0 m\u1ed9t lo\u1ea1i v\u1ea3i th\u01b0\u1ee3ng h\u1ea1ng v\u1edbi k\u1ef9 thu\u1eadt d\u00eat tinh x\u1ea3o v\u00e0 ph\u1ee9c t\u1ea1p nh\u1ea5t trong c\u00e1c ph\u01b0\u01a1ng ph\u00e1p d\u1ec7t t\u01a1 t\u1eb1m .<\/p>\n<p>&#8211; T\u00cdNH CH\u1ea4T: \u0110\u01b0\u1ee3c \u0111\u00e1nh gi\u00e1 l\u00e0 ch\u1ea5t li\u1ec7u c\u00f3 \u0111\u1ed9 b\u1ec1n cao s\u1ee3i v\u1ea3i v\u00e0 m\u00e0u s\u1eafc r\u1ea5t b\u1ec1n m\u00e0u. Nh\u1edd th\u00e0nh ph\u1ea7n ch\u1ee7 y\u1ebfu l\u00e0 t\u01a1 t\u1eb1m c\u00f9ng qu\u00e1 tr\u00ecnh \u0111\u01b0\u1ee3c d\u1ec7t th\u1ee7 c\u00f4ng, n\u00ean \u0111\u1ea3m b\u1ea3o kh\u00f4ng g\u00e2y \u00f4 nhi\u1ec5m m\u00f4i tr\u01b0\u1eddng, kh\u00f4ng g\u00e2y k\u00edch \u1ee9ng da nh\u01b0 m\u1ed9t s\u1ed1 lo\u1ea1i v\u1ea3i th\u00f4ng th\u01b0\u1eddng.<\/p>\n<p>&#8211; C\u00c1CH GI\u1eb6T V\u00c0 B\u1ea2O QU\u1ea2N:<\/p>\n<ul>\n<li>Gi\u1eb7t m\u00e1y v\u00e0 tay v\u1edbi ch\u1ea5t t\u1ea9y r\u1eeda nh\u1eb9 \u1ee7i nhi\u1ec7t \u0111\u1ed9 \u1ea9m.<\/li>\n<li>Kh\u00f4ng v\u1eaft ho\u1eb7c xo\u1eafn m\u1ea1nh v\u00ec \u0111i\u1ec1u n\u00e0y c\u00f3 th\u1ec3 g\u00e2y ra c\u00e1c n\u1ebfp nh\u0103n v\u00e0 \u1ea3nh h\u01b0\u1edfng \u0111\u1ebfn \u0111\u1ed9 b\u1ec1n, c\u1ea5u tr\u00fac c\u1ee7a v\u1ea3i.<\/li>\n<li>Kh\u00f4ng ng\u00e2m b\u1ed9t gi\u1eb7t c\u00f3 ch\u1ea5t t\u1ea9y m\u1ea1nh \u0111\u1ec3 tr\u00e1nh loang m\u00e0u v\u1ea3i.<\/li>\n<\/ul>\n","protected":false},"excerpt":{"rendered":"<p>&#8211; CH\u1ea4T LI\u1ec6U : H\u1eccA TI\u1ebeT NH\u0102N ( puff MIDI ): L\u00e0 ch\u1ea5t li\u1ec7u c\u00f3 ngu\u1ed3n g\u1ed1c t\u1ef1 nhi\u00ean \u0111\u01b0\u1ee3c d\u1ec7t t\u1eeb s\u1ee3i t\u01a1 t\u1eb1m \u0110\u00e2y \u0111\u01b0\u1ee3c xem l\u00e0 m\u1ed9t lo\u1ea1i v\u1ea3i th\u01b0\u1ee3ng h\u1ea1ng v\u1edbi k\u1ef9 thu\u1eadt d\u00eat tinh x\u1ea3o v\u00e0 ph\u1ee9c t\u1ea1p nh\u1ea5t trong c\u00e1c ph\u01b0\u01a1ng ph\u00e1p d\u1ec7t t\u01a1 t\u1eb1m . &#8211; T\u00cdNH CH\u1ea4T: [&#8230;]\n","protected":false},"featured_media":204,"comment_status":"open","ping_status":"closed","template":"","meta":[],"product_brand":[],"product_cat":[29],"product_tag":[],"class_list":{"0":"post-202","1":"product","2":"type-product","3":"status-publish","4":"has-post-thumbnail","6":"product_cat-quan","8":"first","9":"instock","10":"shipping-taxable","11":"purchasable","12":"product-type-variable"},"yoast_head":"<!-- This site is optimized with the Yoast SEO plugin v27.2 - https:\/\/yoast.com\/product\/yoast-seo-wordpress\/ -->\n<title>Qu\u1ea7n sunny su\u00f4ng \u1ed1ng r\u1ed9ng - Shop th\u1eddi trang<\/title>\n<meta name=\"robots\" content=\"noindex, follow, max-snippet:-1, max-image-preview:large, max-video-preview:-1\" \/>\n<meta property=\"og:locale\" content=\"vi_VN\" \/>\n<meta property=\"og:type\" content=\"article\" \/>\n<meta property=\"og:title\" content=\"Qu\u1ea7n sunny su\u00f4ng \u1ed1ng r\u1ed9ng - Shop th\u1eddi trang\" \/>\n<meta property=\"og:description\" content=\"&#8211; CH\u1ea4T LI\u1ec6U : H\u1eccA TI\u1ebeT NH\u0102N ( puff MIDI ): L\u00e0 ch\u1ea5t li\u1ec7u c\u00f3 ngu\u1ed3n g\u1ed1c t\u1ef1 nhi\u00ean \u0111\u01b0\u1ee3c d\u1ec7t t\u1eeb s\u1ee3i t\u01a1 t\u1eb1m \u0110\u00e2y \u0111\u01b0\u1ee3c xem l\u00e0 m\u1ed9t lo\u1ea1i v\u1ea3i th\u01b0\u1ee3ng h\u1ea1ng v\u1edbi k\u1ef9 thu\u1eadt d\u00eat tinh x\u1ea3o v\u00e0 ph\u1ee9c t\u1ea1p nh\u1ea5t trong c\u00e1c ph\u01b0\u01a1ng ph\u00e1p d\u1ec7t t\u01a1 t\u1eb1m . &#8211; T\u00cdNH CH\u1ea4T: [...]\" \/>\n<meta property=\"og:url\" content=\"https:\/\/phuonguyen.azdigi.shop\/?product=quan-sunny-suong-ong-rong\" \/>\n<meta property=\"og:site_name\" content=\"Shop th\u1eddi trang\" \/>\n<meta property=\"og:image\" content=\"https:\/\/phuonguyen.azdigi.shop\/wp-content\/uploads\/2026\/04\/20230313_d3Bfrao8vq.jpeg\" \/>\n\t<meta property=\"og:image:width\" content=\"1296\" \/>\n\t<meta property=\"og:image:height\" content=\"1945\" \/>\n\t<meta property=\"og:image:type\" content=\"image\/jpeg\" \/>\n<meta name=\"twitter:card\" content=\"summary_large_image\" \/>\n<meta name=\"twitter:label1\" content=\"\u01af\u1edbc t\u00ednh th\u1eddi gian \u0111\u1ecdc\" \/>\n\t<meta name=\"twitter:data1\" content=\"2 ph\u00fat\" \/>\n<script type=\"application\/ld+json\" class=\"yoast-schema-graph\">{\"@context\":\"https:\/\/schema.org\",\"@graph\":[{\"@type\":\"WebPage\",\"@id\":\"https:\/\/phuonguyen.azdigi.shop\/?product=quan-sunny-suong-ong-rong\",\"url\":\"https:\/\/phuonguyen.azdigi.shop\/?product=quan-sunny-suong-ong-rong\",\"name\":\"Qu\u1ea7n sunny su\u00f4ng \u1ed1ng r\u1ed9ng - Shop th\u1eddi trang\",\"isPartOf\":{\"@id\":\"https:\/\/phuonguyen.azdigi.shop\/#website\"},\"primaryImageOfPage\":{\"@id\":\"https:\/\/phuonguyen.azdigi.shop\/?product=quan-sunny-suong-ong-rong#primaryimage\"},\"image\":{\"@id\":\"https:\/\/phuonguyen.azdigi.shop\/?product=quan-sunny-suong-ong-rong#primaryimage\"},\"thumbnailUrl\":\"https:\/\/phuonguyen.azdigi.shop\/wp-content\/uploads\/2026\/04\/20230313_d3Bfrao8vq.jpeg\",\"datePublished\":\"2026-04-11T17:40:14+00:00\",\"breadcrumb\":{\"@id\":\"https:\/\/phuonguyen.azdigi.shop\/?product=quan-sunny-suong-ong-rong#breadcrumb\"},\"inLanguage\":\"vi\",\"potentialAction\":[{\"@type\":\"ReadAction\",\"target\":[\"https:\/\/phuonguyen.azdigi.shop\/?product=quan-sunny-suong-ong-rong\"]}]},{\"@type\":\"ImageObject\",\"inLanguage\":\"vi\",\"@id\":\"https:\/\/phuonguyen.azdigi.shop\/?product=quan-sunny-suong-ong-rong#primaryimage\",\"url\":\"https:\/\/phuonguyen.azdigi.shop\/wp-content\/uploads\/2026\/04\/20230313_d3Bfrao8vq.jpeg\",\"contentUrl\":\"https:\/\/phuonguyen.azdigi.shop\/wp-content\/uploads\/2026\/04\/20230313_d3Bfrao8vq.jpeg\",\"width\":1296,\"height\":1945},{\"@type\":\"BreadcrumbList\",\"@id\":\"https:\/\/phuonguyen.azdigi.shop\/?product=quan-sunny-suong-ong-rong#breadcrumb\",\"itemListElement\":[{\"@type\":\"ListItem\",\"position\":1,\"name\":\"Trang ch\u1ee7\",\"item\":\"https:\/\/phuonguyen.azdigi.shop\/\"},{\"@type\":\"ListItem\",\"position\":2,\"name\":\"C\u1eeda h\u00e0ng\",\"item\":\"https:\/\/phuonguyen.azdigi.shop\/?page_id=35\"},{\"@type\":\"ListItem\",\"position\":3,\"name\":\"Qu\u1ea7n sunny su\u00f4ng \u1ed1ng r\u1ed9ng\"}]},{\"@type\":\"WebSite\",\"@id\":\"https:\/\/phuonguyen.azdigi.shop\/#website\",\"url\":\"https:\/\/phuonguyen.azdigi.shop\/\",\"name\":\"Shop th\u1eddi trang\",\"description\":\"\",\"potentialAction\":[{\"@type\":\"SearchAction\",\"target\":{\"@type\":\"EntryPoint\",\"urlTemplate\":\"https:\/\/phuonguyen.azdigi.shop\/?s={search_term_string}\"},\"query-input\":{\"@type\":\"PropertyValueSpecification\",\"valueRequired\":true,\"valueName\":\"search_term_string\"}}],\"inLanguage\":\"vi\"}]}<\/script>\n<!-- \/ Yoast SEO plugin. -->","yoast_head_json":{"title":"Qu\u1ea7n sunny su\u00f4ng \u1ed1ng r\u1ed9ng - Shop th\u1eddi trang","robots":{"index":"noindex","follow":"follow","max-snippet":"max-snippet:-1","max-image-preview":"max-image-preview:large","max-video-preview":"max-video-preview:-1"},"og_locale":"vi_VN","og_type":"article","og_title":"Qu\u1ea7n sunny su\u00f4ng \u1ed1ng r\u1ed9ng - Shop th\u1eddi trang","og_description":"&#8211; CH\u1ea4T LI\u1ec6U : H\u1eccA TI\u1ebeT NH\u0102N ( puff MIDI ): L\u00e0 ch\u1ea5t li\u1ec7u c\u00f3 ngu\u1ed3n g\u1ed1c t\u1ef1 nhi\u00ean \u0111\u01b0\u1ee3c d\u1ec7t t\u1eeb s\u1ee3i t\u01a1 t\u1eb1m \u0110\u00e2y \u0111\u01b0\u1ee3c xem l\u00e0 m\u1ed9t lo\u1ea1i v\u1ea3i th\u01b0\u1ee3ng h\u1ea1ng v\u1edbi k\u1ef9 thu\u1eadt d\u00eat tinh x\u1ea3o v\u00e0 ph\u1ee9c t\u1ea1p nh\u1ea5t trong c\u00e1c ph\u01b0\u01a1ng ph\u00e1p d\u1ec7t t\u01a1 t\u1eb1m . &#8211; T\u00cdNH CH\u1ea4T: [...]","og_url":"https:\/\/phuonguyen.azdigi.shop\/?product=quan-sunny-suong-ong-rong","og_site_name":"Shop th\u1eddi trang","og_image":[{"width":1296,"height":1945,"url":"https:\/\/phuonguyen.azdigi.shop\/wp-content\/uploads\/2026\/04\/20230313_d3Bfrao8vq.jpeg","type":"image\/jpeg"}],"twitter_card":"summary_large_image","twitter_misc":{"\u01af\u1edbc t\u00ednh th\u1eddi gian \u0111\u1ecdc":"2 ph\u00fat"},"schema":{"@context":"https:\/\/schema.org","@graph":[{"@type":"WebPage","@id":"https:\/\/phuonguyen.azdigi.shop\/?product=quan-sunny-suong-ong-rong","url":"https:\/\/phuonguyen.azdigi.shop\/?product=quan-sunny-suong-ong-rong","name":"Qu\u1ea7n sunny su\u00f4ng \u1ed1ng r\u1ed9ng - Shop th\u1eddi trang","isPartOf":{"@id":"https:\/\/phuonguyen.azdigi.shop\/#website"},"primaryImageOfPage":{"@id":"https:\/\/phuonguyen.azdigi.shop\/?product=quan-sunny-suong-ong-rong#primaryimage"},"image":{"@id":"https:\/\/phuonguyen.azdigi.shop\/?product=quan-sunny-suong-ong-rong#primaryimage"},"thumbnailUrl":"https:\/\/phuonguyen.azdigi.shop\/wp-content\/uploads\/2026\/04\/20230313_d3Bfrao8vq.jpeg","datePublished":"2026-04-11T17:40:14+00:00","breadcrumb":{"@id":"https:\/\/phuonguyen.azdigi.shop\/?product=quan-sunny-suong-ong-rong#breadcrumb"},"inLanguage":"vi","potentialAction":[{"@type":"ReadAction","target":["https:\/\/phuonguyen.azdigi.shop\/?product=quan-sunny-suong-ong-rong"]}]},{"@type":"ImageObject","inLanguage":"vi","@id":"https:\/\/phuonguyen.azdigi.shop\/?product=quan-sunny-suong-ong-rong#primaryimage","url":"https:\/\/phuonguyen.azdigi.shop\/wp-content\/uploads\/2026\/04\/20230313_d3Bfrao8vq.jpeg","contentUrl":"https:\/\/phuonguyen.azdigi.shop\/wp-content\/uploads\/2026\/04\/20230313_d3Bfrao8vq.jpeg","width":1296,"height":1945},{"@type":"BreadcrumbList","@id":"https:\/\/phuonguyen.azdigi.shop\/?product=quan-sunny-suong-ong-rong#breadcrumb","itemListElement":[{"@type":"ListItem","position":1,"name":"Trang ch\u1ee7","item":"https:\/\/phuonguyen.azdigi.shop\/"},{"@type":"ListItem","position":2,"name":"C\u1eeda h\u00e0ng","item":"https:\/\/phuonguyen.azdigi.shop\/?page_id=35"},{"@type":"ListItem","position":3,"name":"Qu\u1ea7n sunny su\u00f4ng \u1ed1ng r\u1ed9ng"}]},{"@type":"WebSite","@id":"https:\/\/phuonguyen.azdigi.shop\/#website","url":"https:\/\/phuonguyen.azdigi.shop\/","name":"Shop th\u1eddi trang","description":"","potentialAction":[{"@type":"SearchAction","target":{"@type":"EntryPoint","urlTemplate":"https:\/\/phuonguyen.azdigi.shop\/?s={search_term_string}"},"query-input":{"@type":"PropertyValueSpecification","valueRequired":true,"valueName":"search_term_string"}}],"inLanguage":"vi"}]}},"jetpack_sharing_enabled":true,"_links":{"self":[{"href":"https:\/\/phuonguyen.azdigi.shop\/index.php?rest_route=\/wp\/v2\/product\/202","targetHints":{"allow":["GET"]}}],"collection":[{"href":"https:\/\/phuonguyen.azdigi.shop\/index.php?rest_route=\/wp\/v2\/product"}],"about":[{"href":"https:\/\/phuonguyen.azdigi.shop\/index.php?rest_route=\/wp\/v2\/types\/product"}],"replies":[{"embeddable":true,"href":"https:\/\/phuonguyen.azdigi.shop\/index.php?rest_route=%2Fwp%2Fv2%2Fcomments&post=202"}],"wp:featuredmedia":[{"embeddable":true,"href":"https:\/\/phuonguyen.azdigi.shop\/index.php?rest_route=\/wp\/v2\/media\/204"}],"wp:attachment":[{"href":"https:\/\/phuonguyen.azdigi.shop\/index.php?rest_route=%2Fwp%2Fv2%2Fmedia&parent=202"}],"wp:term":[{"taxonomy":"product_brand","embeddable":true,"href":"https:\/\/phuonguyen.azdigi.shop\/index.php?rest_route=%2Fwp%2Fv2%2Fproduct_brand&post=202"},{"taxonomy":"product_cat","embeddable":true,"href":"https:\/\/phuonguyen.azdigi.shop\/index.php?rest_route=%2Fwp%2Fv2%2Fproduct_cat&post=202"},{"taxonomy":"product_tag","embeddable":true,"href":"https:\/\/phuonguyen.azdigi.shop\/index.php?rest_route=%2Fwp%2Fv2%2Fproduct_tag&post=202"}],"curies":[{"name":"wp","href":"https:\/\/api.w.org\/{rel}","templated":true}]}}