{"id":220,"date":"2026-04-11T17:53:01","date_gmt":"2026-04-11T17:53:01","guid":{"rendered":"https:\/\/phuonguyen.azdigi.shop\/?post_type=product&#038;p=220"},"modified":"2026-04-11T17:55:44","modified_gmt":"2026-04-11T17:55:44","slug":"ao-da-co-long","status":"publish","type":"product","link":"https:\/\/phuonguyen.azdigi.shop\/?product=ao-da-co-long","title":{"rendered":"\u00c1o da c\u1ed5 l\u00f4ng"},"content":{"rendered":"<p>Chi\u1ebfc \u00e1o da c\u1ed5 l\u00f4ng mang \u0111\u1ebfn m\u1ed9t s\u1eafc th\u00e1i m\u1edbi cho m\u00f9a \u0111\u00f4ng &#8211; tr\u1ea7m l\u1eafng, ch\u00edn ch\u1eafn nh\u01b0ng v\u1eabn \u0111\u1ea7y cu\u1ed1n h\u00fat. S\u1ef1 k\u1ebft h\u1ee3p gi\u1eefa phom d\u00e1ng g\u1ecdn g\u00e0ng v\u00e0 chi ti\u1ebft c\u1ed5 l\u00f4ng m\u1ec1m m\u1ea1i t\u1ea1o n\u00ean v\u1ebb \u0111\u1eb9p c\u00e2n b\u1eb1ng, n\u01a1i n\u00e9t hi\u1ec7n \u0111\u1ea1i \u0111\u01b0\u1ee3c ti\u1ebft ch\u1ebf v\u1eeba \u0111\u1ee7 \u0111\u1ec3 t\u00f4n l\u00ean phong th\u00e1i thanh l\u1ecbch v\u00e0 ch\u1ec9n chu c\u1ee7a ng\u01b0\u1eddi m\u1eb7c.<\/p>\n<p><strong>Thi\u1ebft k\u1ebf<\/strong><br \/>\n\u00c1o kho\u00e1c da d\u00e1ng ng\u1eafn, phom croptop su\u00f4ng v\u1eeba, gi\u00fap t\u1ed5ng th\u1ec3 tr\u00f4ng g\u1ecdn g\u00e0ng v\u00e0 c\u00e2n \u0111\u1ed1i.<br \/>\n\u0110i\u1ec3m nh\u1ea5n n\u1eb1m \u1edf chi ti\u1ebft c\u1ed5 l\u00f4ng tr\u1eafng t\u01b0\u01a1ng ph\u1ea3n, v\u1eeba t\u0103ng kh\u1ea3 n\u0103ng gi\u1eef \u1ea5m, v\u1eeba t\u1ea1o chi\u1ec1u s\u00e2u th\u1ecb gi\u00e1c cho thi\u1ebft k\u1ebf. C\u1ed5 l\u00f4ng c\u00f3 th\u1ec3 th\u00e1o r\u1eddi, linh ho\u1ea1t thay \u0111\u1ed5i phong c\u00e1ch t\u1eeb c\u00e1 t\u00ednh sang g\u1ecdn g\u00e0ng, t\u1ed1i gi\u1ea3n.<\/p>\n<p><strong>Ch\u1ea5t li\u1ec7u<\/strong><br \/>\nThi\u1ebft k\u1ebf s\u1eed d\u1ee5ng ch\u1ea5t li\u1ec7u da v\u1edbi th\u00e0nh ph\u1ea7n ch\u1ee7 y\u1ebfu l\u00e0 polyurethane k\u1ebft h\u1ee3p poly.<br \/>\nB\u1ec1 m\u1eb7t da m\u1ecbn, gi\u1eef phom t\u1ed1t, t\u1ea1o c\u1ea3m gi\u00e1c ch\u1eafc ch\u1eafn v\u00e0 cao c\u1ea5p khi m\u1eb7c.<br \/>\nPh\u1ea7n c\u1ed5 l\u00f4ng m\u1ec1m, \u00eam, mang l\u1ea1i c\u1ea3m gi\u00e1c \u1ea5m \u00e1p v\u00e0 d\u1ec5 ch\u1ecbu trong ti\u1ebft tr\u1eddi l\u1ea1nh.<\/p>\n<p><strong>Ph\u1ed1i \u0111\u1ed3<\/strong><br \/>\nThi\u1ebft k\u1ebf ph\u00f9 h\u1ee3p cho d\u1ea1o ph\u1ed1, caf\u00e9, g\u1eb7p g\u1ee1 b\u1ea1n b\u00e8 ho\u1eb7c c\u00e1c s\u1ef1 ki\u1ec7n ngo\u00e0i tr\u1eddi.<br \/>\nC\u00f3 th\u1ec3 ph\u1ed1i c\u00f9ng \u00e1o len m\u1ecfng b\u00ean trong, k\u1ebft h\u1ee3p qu\u1ea7n short, ch\u00e2n v\u00e1y mini ho\u1eb7c qu\u1ea7n jeans d\u00e1ng su\u00f4ng \u0111\u1ec3 t\u1ea1o t\u1ed5ng th\u1ec3 tr\u1ebb trung, c\u00e1 t\u00ednh.<br \/>\nPh\u1ed1i th\u00eam t\u1ea5t s\u00e1ng m\u00e0u v\u00e0 gi\u00e0y oxford ho\u1eb7c trainer tr\u1eafng gi\u00fap outfit tr\u00f4ng hi\u1ec7n \u0111\u1ea1i v\u00e0 c\u00f3 \u0111i\u1ec3m nh\u1ea5n.<\/p>\n","protected":false},"excerpt":{"rendered":"<p>Chi\u1ebfc \u00e1o da c\u1ed5 l\u00f4ng mang \u0111\u1ebfn m\u1ed9t s\u1eafc th\u00e1i m\u1edbi cho m\u00f9a \u0111\u00f4ng &#8211; tr\u1ea7m l\u1eafng, ch\u00edn ch\u1eafn nh\u01b0ng v\u1eabn \u0111\u1ea7y cu\u1ed1n h\u00fat. S\u1ef1 k\u1ebft h\u1ee3p gi\u1eefa phom d\u00e1ng g\u1ecdn g\u00e0ng v\u00e0 chi ti\u1ebft c\u1ed5 l\u00f4ng m\u1ec1m m\u1ea1i t\u1ea1o n\u00ean v\u1ebb \u0111\u1eb9p c\u00e2n b\u1eb1ng, n\u01a1i n\u00e9t hi\u1ec7n \u0111\u1ea1i \u0111\u01b0\u1ee3c ti\u1ebft ch\u1ebf v\u1eeba \u0111\u1ee7 \u0111\u1ec3 [&#8230;]\n","protected":false},"featured_media":222,"comment_status":"open","ping_status":"closed","template":"","meta":[],"product_brand":[],"product_cat":[30],"product_tag":[],"class_list":{"0":"post-220","1":"product","2":"type-product","3":"status-publish","4":"has-post-thumbnail","6":"product_cat-ao-khoac","8":"first","9":"instock","10":"sale","11":"shipping-taxable","12":"purchasable","13":"product-type-simple"},"yoast_head":"<!-- This site is optimized with the Yoast SEO plugin v27.2 - https:\/\/yoast.com\/product\/yoast-seo-wordpress\/ -->\n<title>\u00c1o da c\u1ed5 l\u00f4ng - Shop th\u1eddi trang<\/title>\n<meta name=\"robots\" content=\"noindex, follow, max-snippet:-1, max-image-preview:large, max-video-preview:-1\" \/>\n<meta property=\"og:locale\" content=\"vi_VN\" \/>\n<meta property=\"og:type\" content=\"article\" \/>\n<meta property=\"og:title\" content=\"\u00c1o da c\u1ed5 l\u00f4ng - Shop th\u1eddi trang\" \/>\n<meta property=\"og:description\" content=\"Chi\u1ebfc \u00e1o da c\u1ed5 l\u00f4ng mang \u0111\u1ebfn m\u1ed9t s\u1eafc th\u00e1i m\u1edbi cho m\u00f9a \u0111\u00f4ng &#8211; tr\u1ea7m l\u1eafng, ch\u00edn ch\u1eafn nh\u01b0ng v\u1eabn \u0111\u1ea7y cu\u1ed1n h\u00fat. S\u1ef1 k\u1ebft h\u1ee3p gi\u1eefa phom d\u00e1ng g\u1ecdn g\u00e0ng v\u00e0 chi ti\u1ebft c\u1ed5 l\u00f4ng m\u1ec1m m\u1ea1i t\u1ea1o n\u00ean v\u1ebb \u0111\u1eb9p c\u00e2n b\u1eb1ng, n\u01a1i n\u00e9t hi\u1ec7n \u0111\u1ea1i \u0111\u01b0\u1ee3c ti\u1ebft ch\u1ebf v\u1eeba \u0111\u1ee7 \u0111\u1ec3 [...]\" \/>\n<meta property=\"og:url\" content=\"https:\/\/phuonguyen.azdigi.shop\/?product=ao-da-co-long\" \/>\n<meta property=\"og:site_name\" content=\"Shop th\u1eddi trang\" \/>\n<meta property=\"article:modified_time\" content=\"2026-04-11T17:55:44+00:00\" \/>\n<meta property=\"og:image\" content=\"https:\/\/phuonguyen.azdigi.shop\/wp-content\/uploads\/2026\/04\/Ao-da-co-long-scaled.jpg\" \/>\n\t<meta property=\"og:image:width\" content=\"1707\" \/>\n\t<meta property=\"og:image:height\" content=\"2560\" \/>\n\t<meta property=\"og:image:type\" content=\"image\/jpeg\" \/>\n<meta name=\"twitter:card\" content=\"summary_large_image\" \/>\n<meta name=\"twitter:label1\" content=\"\u01af\u1edbc t\u00ednh th\u1eddi gian \u0111\u1ecdc\" \/>\n\t<meta name=\"twitter:data1\" content=\"2 ph\u00fat\" \/>\n<script type=\"application\/ld+json\" class=\"yoast-schema-graph\">{\"@context\":\"https:\/\/schema.org\",\"@graph\":[{\"@type\":\"WebPage\",\"@id\":\"https:\/\/phuonguyen.azdigi.shop\/?product=ao-da-co-long\",\"url\":\"https:\/\/phuonguyen.azdigi.shop\/?product=ao-da-co-long\",\"name\":\"\u00c1o da c\u1ed5 l\u00f4ng - Shop th\u1eddi trang\",\"isPartOf\":{\"@id\":\"https:\/\/phuonguyen.azdigi.shop\/#website\"},\"primaryImageOfPage\":{\"@id\":\"https:\/\/phuonguyen.azdigi.shop\/?product=ao-da-co-long#primaryimage\"},\"image\":{\"@id\":\"https:\/\/phuonguyen.azdigi.shop\/?product=ao-da-co-long#primaryimage\"},\"thumbnailUrl\":\"https:\/\/phuonguyen.azdigi.shop\/wp-content\/uploads\/2026\/04\/Ao-da-co-long-scaled.jpg\",\"datePublished\":\"2026-04-11T17:53:01+00:00\",\"dateModified\":\"2026-04-11T17:55:44+00:00\",\"breadcrumb\":{\"@id\":\"https:\/\/phuonguyen.azdigi.shop\/?product=ao-da-co-long#breadcrumb\"},\"inLanguage\":\"vi\",\"potentialAction\":[{\"@type\":\"ReadAction\",\"target\":[\"https:\/\/phuonguyen.azdigi.shop\/?product=ao-da-co-long\"]}]},{\"@type\":\"ImageObject\",\"inLanguage\":\"vi\",\"@id\":\"https:\/\/phuonguyen.azdigi.shop\/?product=ao-da-co-long#primaryimage\",\"url\":\"https:\/\/phuonguyen.azdigi.shop\/wp-content\/uploads\/2026\/04\/Ao-da-co-long-scaled.jpg\",\"contentUrl\":\"https:\/\/phuonguyen.azdigi.shop\/wp-content\/uploads\/2026\/04\/Ao-da-co-long-scaled.jpg\",\"width\":1707,\"height\":2560,\"caption\":\"{\\\"ARInfo\\\":{\\\"IsUseAR\\\":false},\\\"Version\\\":\\\"1.0.0\\\",\\\"MakeupInfo\\\":{\\\"IsUseMakeup\\\":false},\\\"FaceliftInfo\\\":{\\\"IsChangeEyeLift\\\":false,\\\"IsChangeFacelift\\\":false,\\\"IsChangePostureLift\\\":false,\\\"IsChangeNose\\\":false,\\\"IsChangeFaceChin\\\":false,\\\"IsChangeMouth\\\":false,\\\"IsChangeThinFace\\\":false},\\\"BeautyInfo\\\":{\\\"SwitchMedicatedAcne\\\":false,\\\"IsAIBeauty\\\":false,\\\"IsBrightEyes\\\":false,\\\"IsSharpen\\\":false,\\\"IsOldBeauty\\\":false,\\\"IsReduceBlackEyes\\\":false},\\\"HandlerInfo\\\":{\\\"AppName\\\":2},\\\"FilterInfo\\\":{\\\"IsUseFilter\\\":false}}\"},{\"@type\":\"BreadcrumbList\",\"@id\":\"https:\/\/phuonguyen.azdigi.shop\/?product=ao-da-co-long#breadcrumb\",\"itemListElement\":[{\"@type\":\"ListItem\",\"position\":1,\"name\":\"Trang ch\u1ee7\",\"item\":\"https:\/\/phuonguyen.azdigi.shop\/\"},{\"@type\":\"ListItem\",\"position\":2,\"name\":\"C\u1eeda h\u00e0ng\",\"item\":\"https:\/\/phuonguyen.azdigi.shop\/?page_id=35\"},{\"@type\":\"ListItem\",\"position\":3,\"name\":\"\u00c1o da c\u1ed5 l\u00f4ng\"}]},{\"@type\":\"WebSite\",\"@id\":\"https:\/\/phuonguyen.azdigi.shop\/#website\",\"url\":\"https:\/\/phuonguyen.azdigi.shop\/\",\"name\":\"Shop th\u1eddi trang\",\"description\":\"\",\"potentialAction\":[{\"@type\":\"SearchAction\",\"target\":{\"@type\":\"EntryPoint\",\"urlTemplate\":\"https:\/\/phuonguyen.azdigi.shop\/?s={search_term_string}\"},\"query-input\":{\"@type\":\"PropertyValueSpecification\",\"valueRequired\":true,\"valueName\":\"search_term_string\"}}],\"inLanguage\":\"vi\"}]}<\/script>\n<!-- \/ Yoast SEO plugin. -->","yoast_head_json":{"title":"\u00c1o da c\u1ed5 l\u00f4ng - Shop th\u1eddi trang","robots":{"index":"noindex","follow":"follow","max-snippet":"max-snippet:-1","max-image-preview":"max-image-preview:large","max-video-preview":"max-video-preview:-1"},"og_locale":"vi_VN","og_type":"article","og_title":"\u00c1o da c\u1ed5 l\u00f4ng - Shop th\u1eddi trang","og_description":"Chi\u1ebfc \u00e1o da c\u1ed5 l\u00f4ng mang \u0111\u1ebfn m\u1ed9t s\u1eafc th\u00e1i m\u1edbi cho m\u00f9a \u0111\u00f4ng &#8211; tr\u1ea7m l\u1eafng, ch\u00edn ch\u1eafn nh\u01b0ng v\u1eabn \u0111\u1ea7y cu\u1ed1n h\u00fat. S\u1ef1 k\u1ebft h\u1ee3p gi\u1eefa phom d\u00e1ng g\u1ecdn g\u00e0ng v\u00e0 chi ti\u1ebft c\u1ed5 l\u00f4ng m\u1ec1m m\u1ea1i t\u1ea1o n\u00ean v\u1ebb \u0111\u1eb9p c\u00e2n b\u1eb1ng, n\u01a1i n\u00e9t hi\u1ec7n \u0111\u1ea1i \u0111\u01b0\u1ee3c ti\u1ebft ch\u1ebf v\u1eeba \u0111\u1ee7 \u0111\u1ec3 [...]","og_url":"https:\/\/phuonguyen.azdigi.shop\/?product=ao-da-co-long","og_site_name":"Shop th\u1eddi trang","article_modified_time":"2026-04-11T17:55:44+00:00","og_image":[{"width":1707,"height":2560,"url":"https:\/\/phuonguyen.azdigi.shop\/wp-content\/uploads\/2026\/04\/Ao-da-co-long-scaled.jpg","type":"image\/jpeg"}],"twitter_card":"summary_large_image","twitter_misc":{"\u01af\u1edbc t\u00ednh th\u1eddi gian \u0111\u1ecdc":"2 ph\u00fat"},"schema":{"@context":"https:\/\/schema.org","@graph":[{"@type":"WebPage","@id":"https:\/\/phuonguyen.azdigi.shop\/?product=ao-da-co-long","url":"https:\/\/phuonguyen.azdigi.shop\/?product=ao-da-co-long","name":"\u00c1o da c\u1ed5 l\u00f4ng - Shop th\u1eddi trang","isPartOf":{"@id":"https:\/\/phuonguyen.azdigi.shop\/#website"},"primaryImageOfPage":{"@id":"https:\/\/phuonguyen.azdigi.shop\/?product=ao-da-co-long#primaryimage"},"image":{"@id":"https:\/\/phuonguyen.azdigi.shop\/?product=ao-da-co-long#primaryimage"},"thumbnailUrl":"https:\/\/phuonguyen.azdigi.shop\/wp-content\/uploads\/2026\/04\/Ao-da-co-long-scaled.jpg","datePublished":"2026-04-11T17:53:01+00:00","dateModified":"2026-04-11T17:55:44+00:00","breadcrumb":{"@id":"https:\/\/phuonguyen.azdigi.shop\/?product=ao-da-co-long#breadcrumb"},"inLanguage":"vi","potentialAction":[{"@type":"ReadAction","target":["https:\/\/phuonguyen.azdigi.shop\/?product=ao-da-co-long"]}]},{"@type":"ImageObject","inLanguage":"vi","@id":"https:\/\/phuonguyen.azdigi.shop\/?product=ao-da-co-long#primaryimage","url":"https:\/\/phuonguyen.azdigi.shop\/wp-content\/uploads\/2026\/04\/Ao-da-co-long-scaled.jpg","contentUrl":"https:\/\/phuonguyen.azdigi.shop\/wp-content\/uploads\/2026\/04\/Ao-da-co-long-scaled.jpg","width":1707,"height":2560,"caption":"{\"ARInfo\":{\"IsUseAR\":false},\"Version\":\"1.0.0\",\"MakeupInfo\":{\"IsUseMakeup\":false},\"FaceliftInfo\":{\"IsChangeEyeLift\":false,\"IsChangeFacelift\":false,\"IsChangePostureLift\":false,\"IsChangeNose\":false,\"IsChangeFaceChin\":false,\"IsChangeMouth\":false,\"IsChangeThinFace\":false},\"BeautyInfo\":{\"SwitchMedicatedAcne\":false,\"IsAIBeauty\":false,\"IsBrightEyes\":false,\"IsSharpen\":false,\"IsOldBeauty\":false,\"IsReduceBlackEyes\":false},\"HandlerInfo\":{\"AppName\":2},\"FilterInfo\":{\"IsUseFilter\":false}}"},{"@type":"BreadcrumbList","@id":"https:\/\/phuonguyen.azdigi.shop\/?product=ao-da-co-long#breadcrumb","itemListElement":[{"@type":"ListItem","position":1,"name":"Trang ch\u1ee7","item":"https:\/\/phuonguyen.azdigi.shop\/"},{"@type":"ListItem","position":2,"name":"C\u1eeda h\u00e0ng","item":"https:\/\/phuonguyen.azdigi.shop\/?page_id=35"},{"@type":"ListItem","position":3,"name":"\u00c1o da c\u1ed5 l\u00f4ng"}]},{"@type":"WebSite","@id":"https:\/\/phuonguyen.azdigi.shop\/#website","url":"https:\/\/phuonguyen.azdigi.shop\/","name":"Shop th\u1eddi trang","description":"","potentialAction":[{"@type":"SearchAction","target":{"@type":"EntryPoint","urlTemplate":"https:\/\/phuonguyen.azdigi.shop\/?s={search_term_string}"},"query-input":{"@type":"PropertyValueSpecification","valueRequired":true,"valueName":"search_term_string"}}],"inLanguage":"vi"}]}},"jetpack_sharing_enabled":true,"_links":{"self":[{"href":"https:\/\/phuonguyen.azdigi.shop\/index.php?rest_route=\/wp\/v2\/product\/220","targetHints":{"allow":["GET"]}}],"collection":[{"href":"https:\/\/phuonguyen.azdigi.shop\/index.php?rest_route=\/wp\/v2\/product"}],"about":[{"href":"https:\/\/phuonguyen.azdigi.shop\/index.php?rest_route=\/wp\/v2\/types\/product"}],"replies":[{"embeddable":true,"href":"https:\/\/phuonguyen.azdigi.shop\/index.php?rest_route=%2Fwp%2Fv2%2Fcomments&post=220"}],"wp:featuredmedia":[{"embeddable":true,"href":"https:\/\/phuonguyen.azdigi.shop\/index.php?rest_route=\/wp\/v2\/media\/222"}],"wp:attachment":[{"href":"https:\/\/phuonguyen.azdigi.shop\/index.php?rest_route=%2Fwp%2Fv2%2Fmedia&parent=220"}],"wp:term":[{"taxonomy":"product_brand","embeddable":true,"href":"https:\/\/phuonguyen.azdigi.shop\/index.php?rest_route=%2Fwp%2Fv2%2Fproduct_brand&post=220"},{"taxonomy":"product_cat","embeddable":true,"href":"https:\/\/phuonguyen.azdigi.shop\/index.php?rest_route=%2Fwp%2Fv2%2Fproduct_cat&post=220"},{"taxonomy":"product_tag","embeddable":true,"href":"https:\/\/phuonguyen.azdigi.shop\/index.php?rest_route=%2Fwp%2Fv2%2Fproduct_tag&post=220"}],"curies":[{"name":"wp","href":"https:\/\/api.w.org\/{rel}","templated":true}]}}