{"id":225,"date":"2026-04-11T18:04:39","date_gmt":"2026-04-11T18:04:39","guid":{"rendered":"https:\/\/phuonguyen.azdigi.shop\/?post_type=product&#038;p=225"},"modified":"2026-04-11T18:04:39","modified_gmt":"2026-04-11T18:04:39","slug":"ao-da-2-hang-cuc-co-ve-meo","status":"publish","type":"product","link":"https:\/\/phuonguyen.azdigi.shop\/?product=ao-da-2-hang-cuc-co-ve-meo","title":{"rendered":"\u00c1o d\u1ea1 2 h\u00e0ng c\u00fac, c\u1ed5 ve m\u00e8o"},"content":{"rendered":"<p>Gi\u1eefa nh\u1eefng bu\u1ed5i s\u00e1ng m\u00f9a \u0111\u00f4ng khi ph\u1ed1 x\u00e1 c\u00f2n v\u01b0\u01a1ng h\u01a1i s\u01b0\u01a1ng, chi\u1ebfc \u00e1o kho\u00e1c d\u1ea1 d\u00e1ng d\u00e0i xu\u1ea5t hi\u1ec7n nh\u01b0 m\u1ed9t n\u00e9t ch\u1ea5m nh\u1eb9 \u0111\u1ea7y kh\u00ed ch\u1ea5t. Thanh l\u1ecbch m\u00e0 \u0111i\u1ec1m \u0111\u1ea1m, nh\u01b0 h\u00ecnh \u1ea3nh m\u1ed9t qu\u00fd c\u00f4 thong dong b\u01b0\u1edbc gi\u1eefa l\u00f2ng ph\u1ed1, kho\u00e1c l\u00ean m\u00ecnh s\u1ef1 \u1ea5m \u00e1p v\u1eeba \u0111\u1ee7 v\u00e0 phong th\u00e1i r\u1ea5t ri\u00eang.<br \/>\nM\u1ed9t thi\u1ebft k\u1ebf d\u00e0nh cho nh\u1eefng ng\u00e0y n\u00e0ng mu\u1ed1n ch\u1eadm l\u1ea1i m\u1ed9t nh\u1ecbp, t\u1eadn h\u01b0\u1edfng tr\u1ecdn v\u1eb9n v\u1ebb \u0111\u1eb9p c\u1ee7a m\u00f9a gi\u00f3 trong s\u1ef1 ch\u1ec9n chu v\u00e0 tinh t\u1ebf.<\/p>\n<p><strong>Thi\u1ebft k\u1ebf<\/strong><br \/>\n\u00c1o kho\u00e1c d\u1ea1 d\u00e1ng d\u00e0i v\u1edbi phom su\u00f4ng g\u1ecdn, t\u1ea1o n\u00ean d\u00e1ng \u00e1o thanh tho\u00e1t v\u00e0 trang nh\u00e3.<br \/>\nChi ti\u1ebft th\u1eaft \u0111ai eo gi\u00fap t\u00f4n d\u00e1ng nh\u1eb9 nh\u00e0ng, t\u1ea1o \u0111i\u1ec3m nh\u1ea5n tinh t\u1ebf m\u00e0 kh\u00f4ng l\u00e0m m\u1ea5t \u0111i s\u1ef1 tho\u1ea3i m\u00e1i khi m\u1eb7c.<\/p>\n<p><strong>Ch\u1ea5t li\u1ec7u<\/strong><br \/>\nThi\u1ebft k\u1ebf s\u1eed d\u1ee5ng v\u1ea3i d\u1ea1 kh\u00e2u tay, v\u1edbi th\u00e0nh ph\u1ea7n ch\u1ee7 y\u1ebfu l\u00e0 l\u00f4ng c\u1eebu k\u1ebft h\u1ee3p poly.<br \/>\nB\u1ec1 m\u1eb7t d\u1ea1 m\u1ec1m, \u0111\u1ee9ng phom nh\u01b0ng kh\u00f4ng c\u1ee9ng, mang l\u1ea1i c\u1ea3m gi\u00e1c sang tr\u1ecdng v\u00e0 d\u1ec5 ch\u1ecbu khi m\u1eb7c.<br \/>\nCh\u1ea5t li\u1ec7u gi\u1eef \u1ea5m t\u1ed1t, ph\u00f9 h\u1ee3p v\u1edbi ti\u1ebft tr\u1eddi \u0111\u00f4ng nh\u01b0ng v\u1eabn \u0111\u1ea3m b\u1ea3o s\u1ef1 nh\u1eb9 nh\u00e0ng, kh\u00f4ng n\u1eb7ng n\u1ec1.<\/p>\n<p><strong>Ph\u1ed1i \u0111\u1ed3<\/strong><br \/>\nThi\u1ebft k\u1ebf l\u00fd t\u01b0\u1edfng cho nh\u1eefng bu\u1ed5i d\u1ea1o ph\u1ed1, caf\u00e9 cu\u1ed1i tu\u1ea7n ho\u1eb7c nh\u1eefng cu\u1ed9c h\u1eb9n nh\u1eb9 nh\u00e0ng trong m\u00f9a l\u1ea1nh.<br \/>\nC\u00f3 th\u1ec3 ph\u1ed1i c\u00f9ng v\u00e1y li\u1ec1n, ch\u00e2n v\u00e1y d\u00e0i ho\u1eb7c qu\u1ea7n d\u00e1ng \u0111\u1ee9ng \u0111\u1ec3 gi\u1eef t\u1ed5ng th\u1ec3 thanh l\u1ecbch.<br \/>\nGi\u00e0y boots c\u1ed5 th\u1ea5p ho\u1eb7c gi\u00e0y b\u1ec7t m\u0169i nh\u1ecdn gi\u00fap c\u00e2n b\u1eb1ng s\u1ef1 m\u1ec1m m\u1ea1i c\u1ee7a d\u00e1ng \u00e1o d\u00e0i.<br \/>\nT\u00fai x\u00e1ch d\u00e1ng nh\u1ecf v\u00e0 ph\u1ee5 ki\u1ec7n t\u1ed1i gi\u1ea3n s\u1ebd gi\u00fap ho\u00e0n thi\u1ec7n h\u00ecnh \u1ea3nh qu\u00fd c\u00f4 hi\u1ec7n \u0111\u1ea1i, tinh t\u1ebf.<\/p>\n<p><strong>H\u01b0\u1edbng d\u1eabn b\u1ea3o qu\u1ea3n<\/strong><br \/>\n&#8211; Khuy\u1ebfn kh\u00edch gi\u1eb7t tay nh\u1eb9 nh\u00e0ng \u0111\u1ec3 gi\u1eef phom v\u00e0 b\u1ec1 m\u1eb7t d\u1ea1.<br \/>\n&#8211; Kh\u00f4ng s\u1eed d\u1ee5ng ch\u1ea5t t\u1ea9y m\u1ea1nh, tr\u00e1nh v\u00f2 xo\u1eafn l\u00e0m m\u1ea5t d\u00e1ng \u00e1o.<br \/>\n&#8211; Ph\u01a1i trong b\u00f3ng r\u00e2m, tr\u00e1nh treo \u00e1o khi c\u00f2n \u01b0\u1edbt \u0111\u1ec3 gi\u1eef form chu\u1ea9n v\u00e0 \u0111\u1ed9 b\u1ec1n c\u1ee7a ch\u1ea5t li\u1ec7u.<\/p>\n","protected":false},"excerpt":{"rendered":"<p>Gi\u1eefa nh\u1eefng bu\u1ed5i s\u00e1ng m\u00f9a \u0111\u00f4ng khi ph\u1ed1 x\u00e1 c\u00f2n v\u01b0\u01a1ng h\u01a1i s\u01b0\u01a1ng, chi\u1ebfc \u00e1o kho\u00e1c d\u1ea1 d\u00e1ng d\u00e0i xu\u1ea5t hi\u1ec7n nh\u01b0 m\u1ed9t n\u00e9t ch\u1ea5m nh\u1eb9 \u0111\u1ea7y kh\u00ed ch\u1ea5t. Thanh l\u1ecbch m\u00e0 \u0111i\u1ec1m \u0111\u1ea1m, nh\u01b0 h\u00ecnh \u1ea3nh m\u1ed9t qu\u00fd c\u00f4 thong dong b\u01b0\u1edbc gi\u1eefa l\u00f2ng ph\u1ed1, kho\u00e1c l\u00ean m\u00ecnh s\u1ef1 \u1ea5m \u00e1p v\u1eeba \u0111\u1ee7 v\u00e0 [&#8230;]\n","protected":false},"featured_media":226,"comment_status":"open","ping_status":"closed","template":"","meta":[],"product_brand":[],"product_cat":[30],"product_tag":[],"class_list":{"0":"post-225","1":"product","2":"type-product","3":"status-publish","4":"has-post-thumbnail","6":"product_cat-ao-khoac","8":"first","9":"instock","10":"sale","11":"shipping-taxable","12":"purchasable","13":"product-type-simple"},"yoast_head":"<!-- This site is optimized with the Yoast SEO plugin v27.2 - https:\/\/yoast.com\/product\/yoast-seo-wordpress\/ -->\n<title>\u00c1o d\u1ea1 2 h\u00e0ng c\u00fac, c\u1ed5 ve m\u00e8o - Shop th\u1eddi trang<\/title>\n<meta name=\"robots\" content=\"noindex, follow, max-snippet:-1, max-image-preview:large, max-video-preview:-1\" \/>\n<meta property=\"og:locale\" content=\"vi_VN\" \/>\n<meta property=\"og:type\" content=\"article\" \/>\n<meta property=\"og:title\" content=\"\u00c1o d\u1ea1 2 h\u00e0ng c\u00fac, c\u1ed5 ve m\u00e8o - Shop th\u1eddi trang\" \/>\n<meta property=\"og:description\" content=\"Gi\u1eefa nh\u1eefng bu\u1ed5i s\u00e1ng m\u00f9a \u0111\u00f4ng khi ph\u1ed1 x\u00e1 c\u00f2n v\u01b0\u01a1ng h\u01a1i s\u01b0\u01a1ng, chi\u1ebfc \u00e1o kho\u00e1c d\u1ea1 d\u00e1ng d\u00e0i xu\u1ea5t hi\u1ec7n nh\u01b0 m\u1ed9t n\u00e9t ch\u1ea5m nh\u1eb9 \u0111\u1ea7y kh\u00ed ch\u1ea5t. Thanh l\u1ecbch m\u00e0 \u0111i\u1ec1m \u0111\u1ea1m, nh\u01b0 h\u00ecnh \u1ea3nh m\u1ed9t qu\u00fd c\u00f4 thong dong b\u01b0\u1edbc gi\u1eefa l\u00f2ng ph\u1ed1, kho\u00e1c l\u00ean m\u00ecnh s\u1ef1 \u1ea5m \u00e1p v\u1eeba \u0111\u1ee7 v\u00e0 [...]\" \/>\n<meta property=\"og:url\" content=\"https:\/\/phuonguyen.azdigi.shop\/?product=ao-da-2-hang-cuc-co-ve-meo\" \/>\n<meta property=\"og:site_name\" content=\"Shop th\u1eddi trang\" \/>\n<meta property=\"og:image\" content=\"https:\/\/phuonguyen.azdigi.shop\/wp-content\/uploads\/2026\/04\/Ao-da-2-hang-cuc-co-ve-meo-scaled.jpg\" \/>\n\t<meta property=\"og:image:width\" content=\"1707\" \/>\n\t<meta property=\"og:image:height\" content=\"2560\" \/>\n\t<meta property=\"og:image:type\" content=\"image\/jpeg\" \/>\n<meta name=\"twitter:card\" content=\"summary_large_image\" \/>\n<meta name=\"twitter:label1\" content=\"\u01af\u1edbc t\u00ednh th\u1eddi gian \u0111\u1ecdc\" \/>\n\t<meta name=\"twitter:data1\" content=\"2 ph\u00fat\" \/>\n<script type=\"application\/ld+json\" class=\"yoast-schema-graph\">{\"@context\":\"https:\/\/schema.org\",\"@graph\":[{\"@type\":\"WebPage\",\"@id\":\"https:\/\/phuonguyen.azdigi.shop\/?product=ao-da-2-hang-cuc-co-ve-meo\",\"url\":\"https:\/\/phuonguyen.azdigi.shop\/?product=ao-da-2-hang-cuc-co-ve-meo\",\"name\":\"\u00c1o d\u1ea1 2 h\u00e0ng c\u00fac, c\u1ed5 ve m\u00e8o - Shop th\u1eddi trang\",\"isPartOf\":{\"@id\":\"https:\/\/phuonguyen.azdigi.shop\/#website\"},\"primaryImageOfPage\":{\"@id\":\"https:\/\/phuonguyen.azdigi.shop\/?product=ao-da-2-hang-cuc-co-ve-meo#primaryimage\"},\"image\":{\"@id\":\"https:\/\/phuonguyen.azdigi.shop\/?product=ao-da-2-hang-cuc-co-ve-meo#primaryimage\"},\"thumbnailUrl\":\"https:\/\/phuonguyen.azdigi.shop\/wp-content\/uploads\/2026\/04\/Ao-da-2-hang-cuc-co-ve-meo-scaled.jpg\",\"datePublished\":\"2026-04-11T18:04:39+00:00\",\"breadcrumb\":{\"@id\":\"https:\/\/phuonguyen.azdigi.shop\/?product=ao-da-2-hang-cuc-co-ve-meo#breadcrumb\"},\"inLanguage\":\"vi\",\"potentialAction\":[{\"@type\":\"ReadAction\",\"target\":[\"https:\/\/phuonguyen.azdigi.shop\/?product=ao-da-2-hang-cuc-co-ve-meo\"]}]},{\"@type\":\"ImageObject\",\"inLanguage\":\"vi\",\"@id\":\"https:\/\/phuonguyen.azdigi.shop\/?product=ao-da-2-hang-cuc-co-ve-meo#primaryimage\",\"url\":\"https:\/\/phuonguyen.azdigi.shop\/wp-content\/uploads\/2026\/04\/Ao-da-2-hang-cuc-co-ve-meo-scaled.jpg\",\"contentUrl\":\"https:\/\/phuonguyen.azdigi.shop\/wp-content\/uploads\/2026\/04\/Ao-da-2-hang-cuc-co-ve-meo-scaled.jpg\",\"width\":1707,\"height\":2560,\"caption\":\"{\\\"ARInfo\\\":{\\\"IsUseAR\\\":false},\\\"Version\\\":\\\"1.0.0\\\",\\\"MakeupInfo\\\":{\\\"IsUseMakeup\\\":false},\\\"FaceliftInfo\\\":{\\\"IsChangeEyeLift\\\":false,\\\"IsChangeFacelift\\\":false,\\\"IsChangePostureLift\\\":false,\\\"IsChangeNose\\\":false,\\\"IsChangeFaceChin\\\":false,\\\"IsChangeMouth\\\":false,\\\"IsChangeThinFace\\\":true},\\\"BeautyInfo\\\":{\\\"SwitchMedicatedAcne\\\":false,\\\"IsAIBeauty\\\":false,\\\"IsBrightEyes\\\":false,\\\"IsSharpen\\\":false,\\\"IsOldBeauty\\\":false,\\\"IsReduceBlackEyes\\\":false},\\\"HandlerInfo\\\":{\\\"AppName\\\":2},\\\"FilterInfo\\\":{\\\"IsUseFilter\\\":false}}\"},{\"@type\":\"BreadcrumbList\",\"@id\":\"https:\/\/phuonguyen.azdigi.shop\/?product=ao-da-2-hang-cuc-co-ve-meo#breadcrumb\",\"itemListElement\":[{\"@type\":\"ListItem\",\"position\":1,\"name\":\"Trang ch\u1ee7\",\"item\":\"https:\/\/phuonguyen.azdigi.shop\/\"},{\"@type\":\"ListItem\",\"position\":2,\"name\":\"C\u1eeda h\u00e0ng\",\"item\":\"https:\/\/phuonguyen.azdigi.shop\/?page_id=35\"},{\"@type\":\"ListItem\",\"position\":3,\"name\":\"\u00c1o d\u1ea1 2 h\u00e0ng c\u00fac, c\u1ed5 ve m\u00e8o\"}]},{\"@type\":\"WebSite\",\"@id\":\"https:\/\/phuonguyen.azdigi.shop\/#website\",\"url\":\"https:\/\/phuonguyen.azdigi.shop\/\",\"name\":\"Shop th\u1eddi trang\",\"description\":\"\",\"potentialAction\":[{\"@type\":\"SearchAction\",\"target\":{\"@type\":\"EntryPoint\",\"urlTemplate\":\"https:\/\/phuonguyen.azdigi.shop\/?s={search_term_string}\"},\"query-input\":{\"@type\":\"PropertyValueSpecification\",\"valueRequired\":true,\"valueName\":\"search_term_string\"}}],\"inLanguage\":\"vi\"}]}<\/script>\n<!-- \/ Yoast SEO plugin. -->","yoast_head_json":{"title":"\u00c1o d\u1ea1 2 h\u00e0ng c\u00fac, c\u1ed5 ve m\u00e8o - Shop th\u1eddi trang","robots":{"index":"noindex","follow":"follow","max-snippet":"max-snippet:-1","max-image-preview":"max-image-preview:large","max-video-preview":"max-video-preview:-1"},"og_locale":"vi_VN","og_type":"article","og_title":"\u00c1o d\u1ea1 2 h\u00e0ng c\u00fac, c\u1ed5 ve m\u00e8o - Shop th\u1eddi trang","og_description":"Gi\u1eefa nh\u1eefng bu\u1ed5i s\u00e1ng m\u00f9a \u0111\u00f4ng khi ph\u1ed1 x\u00e1 c\u00f2n v\u01b0\u01a1ng h\u01a1i s\u01b0\u01a1ng, chi\u1ebfc \u00e1o kho\u00e1c d\u1ea1 d\u00e1ng d\u00e0i xu\u1ea5t hi\u1ec7n nh\u01b0 m\u1ed9t n\u00e9t ch\u1ea5m nh\u1eb9 \u0111\u1ea7y kh\u00ed ch\u1ea5t. Thanh l\u1ecbch m\u00e0 \u0111i\u1ec1m \u0111\u1ea1m, nh\u01b0 h\u00ecnh \u1ea3nh m\u1ed9t qu\u00fd c\u00f4 thong dong b\u01b0\u1edbc gi\u1eefa l\u00f2ng ph\u1ed1, kho\u00e1c l\u00ean m\u00ecnh s\u1ef1 \u1ea5m \u00e1p v\u1eeba \u0111\u1ee7 v\u00e0 [...]","og_url":"https:\/\/phuonguyen.azdigi.shop\/?product=ao-da-2-hang-cuc-co-ve-meo","og_site_name":"Shop th\u1eddi trang","og_image":[{"width":1707,"height":2560,"url":"https:\/\/phuonguyen.azdigi.shop\/wp-content\/uploads\/2026\/04\/Ao-da-2-hang-cuc-co-ve-meo-scaled.jpg","type":"image\/jpeg"}],"twitter_card":"summary_large_image","twitter_misc":{"\u01af\u1edbc t\u00ednh th\u1eddi gian \u0111\u1ecdc":"2 ph\u00fat"},"schema":{"@context":"https:\/\/schema.org","@graph":[{"@type":"WebPage","@id":"https:\/\/phuonguyen.azdigi.shop\/?product=ao-da-2-hang-cuc-co-ve-meo","url":"https:\/\/phuonguyen.azdigi.shop\/?product=ao-da-2-hang-cuc-co-ve-meo","name":"\u00c1o d\u1ea1 2 h\u00e0ng c\u00fac, c\u1ed5 ve m\u00e8o - Shop th\u1eddi trang","isPartOf":{"@id":"https:\/\/phuonguyen.azdigi.shop\/#website"},"primaryImageOfPage":{"@id":"https:\/\/phuonguyen.azdigi.shop\/?product=ao-da-2-hang-cuc-co-ve-meo#primaryimage"},"image":{"@id":"https:\/\/phuonguyen.azdigi.shop\/?product=ao-da-2-hang-cuc-co-ve-meo#primaryimage"},"thumbnailUrl":"https:\/\/phuonguyen.azdigi.shop\/wp-content\/uploads\/2026\/04\/Ao-da-2-hang-cuc-co-ve-meo-scaled.jpg","datePublished":"2026-04-11T18:04:39+00:00","breadcrumb":{"@id":"https:\/\/phuonguyen.azdigi.shop\/?product=ao-da-2-hang-cuc-co-ve-meo#breadcrumb"},"inLanguage":"vi","potentialAction":[{"@type":"ReadAction","target":["https:\/\/phuonguyen.azdigi.shop\/?product=ao-da-2-hang-cuc-co-ve-meo"]}]},{"@type":"ImageObject","inLanguage":"vi","@id":"https:\/\/phuonguyen.azdigi.shop\/?product=ao-da-2-hang-cuc-co-ve-meo#primaryimage","url":"https:\/\/phuonguyen.azdigi.shop\/wp-content\/uploads\/2026\/04\/Ao-da-2-hang-cuc-co-ve-meo-scaled.jpg","contentUrl":"https:\/\/phuonguyen.azdigi.shop\/wp-content\/uploads\/2026\/04\/Ao-da-2-hang-cuc-co-ve-meo-scaled.jpg","width":1707,"height":2560,"caption":"{\"ARInfo\":{\"IsUseAR\":false},\"Version\":\"1.0.0\",\"MakeupInfo\":{\"IsUseMakeup\":false},\"FaceliftInfo\":{\"IsChangeEyeLift\":false,\"IsChangeFacelift\":false,\"IsChangePostureLift\":false,\"IsChangeNose\":false,\"IsChangeFaceChin\":false,\"IsChangeMouth\":false,\"IsChangeThinFace\":true},\"BeautyInfo\":{\"SwitchMedicatedAcne\":false,\"IsAIBeauty\":false,\"IsBrightEyes\":false,\"IsSharpen\":false,\"IsOldBeauty\":false,\"IsReduceBlackEyes\":false},\"HandlerInfo\":{\"AppName\":2},\"FilterInfo\":{\"IsUseFilter\":false}}"},{"@type":"BreadcrumbList","@id":"https:\/\/phuonguyen.azdigi.shop\/?product=ao-da-2-hang-cuc-co-ve-meo#breadcrumb","itemListElement":[{"@type":"ListItem","position":1,"name":"Trang ch\u1ee7","item":"https:\/\/phuonguyen.azdigi.shop\/"},{"@type":"ListItem","position":2,"name":"C\u1eeda h\u00e0ng","item":"https:\/\/phuonguyen.azdigi.shop\/?page_id=35"},{"@type":"ListItem","position":3,"name":"\u00c1o d\u1ea1 2 h\u00e0ng c\u00fac, c\u1ed5 ve m\u00e8o"}]},{"@type":"WebSite","@id":"https:\/\/phuonguyen.azdigi.shop\/#website","url":"https:\/\/phuonguyen.azdigi.shop\/","name":"Shop th\u1eddi trang","description":"","potentialAction":[{"@type":"SearchAction","target":{"@type":"EntryPoint","urlTemplate":"https:\/\/phuonguyen.azdigi.shop\/?s={search_term_string}"},"query-input":{"@type":"PropertyValueSpecification","valueRequired":true,"valueName":"search_term_string"}}],"inLanguage":"vi"}]}},"jetpack_sharing_enabled":true,"_links":{"self":[{"href":"https:\/\/phuonguyen.azdigi.shop\/index.php?rest_route=\/wp\/v2\/product\/225","targetHints":{"allow":["GET"]}}],"collection":[{"href":"https:\/\/phuonguyen.azdigi.shop\/index.php?rest_route=\/wp\/v2\/product"}],"about":[{"href":"https:\/\/phuonguyen.azdigi.shop\/index.php?rest_route=\/wp\/v2\/types\/product"}],"replies":[{"embeddable":true,"href":"https:\/\/phuonguyen.azdigi.shop\/index.php?rest_route=%2Fwp%2Fv2%2Fcomments&post=225"}],"wp:featuredmedia":[{"embeddable":true,"href":"https:\/\/phuonguyen.azdigi.shop\/index.php?rest_route=\/wp\/v2\/media\/226"}],"wp:attachment":[{"href":"https:\/\/phuonguyen.azdigi.shop\/index.php?rest_route=%2Fwp%2Fv2%2Fmedia&parent=225"}],"wp:term":[{"taxonomy":"product_brand","embeddable":true,"href":"https:\/\/phuonguyen.azdigi.shop\/index.php?rest_route=%2Fwp%2Fv2%2Fproduct_brand&post=225"},{"taxonomy":"product_cat","embeddable":true,"href":"https:\/\/phuonguyen.azdigi.shop\/index.php?rest_route=%2Fwp%2Fv2%2Fproduct_cat&post=225"},{"taxonomy":"product_tag","embeddable":true,"href":"https:\/\/phuonguyen.azdigi.shop\/index.php?rest_route=%2Fwp%2Fv2%2Fproduct_tag&post=225"}],"curies":[{"name":"wp","href":"https:\/\/api.w.org\/{rel}","templated":true}]}}